000
CDUS46 KLOX 190120
CLICMA


CLIMATE REPORT
NATIONAL WEATHER SERVICE LOS ANGELES/OXNARD CA
620 PM PDT SAT APR 18 2015


...................................

...THE CAMARILLO CLIMATE SUMMARY FOR APRIL 18 2015...
VALID TODAY AS OF 0600 PM LOCAL TIME.

CLIMATE NORMAL PERIOD 1981 TO 2010
CLIMATE RECORD PERIOD 1948 TO 2015


WEATHER ITEM   OBSERVED TIME   RECORD YEAR NORMAL DEPARTURE LAST
                VALUE   (LST)  VALUE       VALUE  FROM      YEAR
                                                  NORMAL
..................................................................
TEMPERATURE (F)
 TODAY
  MAXIMUM         73    231 PM  82    2013  69      4       71
                                      1999
  MINIMUM         48    535 AM  38    1968  48      0       56
  AVERAGE         61                        58      3       64

PRECIPITATION (IN)
  TODAY            0.00          0.96 1983   0.03  -0.03     0.00
  MONTH TO DATE    0.07                      0.39  -0.32     0.05
  SINCE OCT 1      8.08                     14.22  -6.14     4.96
  SINCE JAN 1      3.17                     10.22  -7.05     4.18

SNOWFALL (IN)
  TODAY            0.0
  MONTH TO DATE    0.0
  SINCE MAR 1      0.0
  SINCE JUL 1      0.0

DEGREE DAYS
 HEATING
  TODAY            4                         7     -3        1
  MONTH TO DATE   83                       131    -48      105
  SINCE MAR 1    174                       408   -234      256
  SINCE JUL 1    831                      1744   -913     1209

 COOLING
  TODAY            0                         0      0        0
  MONTH TO DATE    3                         0      3        2
  SINCE MAR 1     59                         4     55       14
  SINCE JAN 1     98                        13     85       42
..................................................................


WIND (MPH)
  HIGHEST WIND SPEED    15   HIGHEST WIND DIRECTION    SW (240)
  HIGHEST GUST SPEED    21   HIGHEST GUST DIRECTION    SW (220)
  AVERAGE WIND SPEED     6.7


SKY COVER
  POSSIBLE SUNSHINE  MM
  AVERAGE SKY COVER 0.0


WEATHER CONDITIONS
 THE FOLLOWING WEATHER WAS RECORDED TODAY.
  NO SIGNIFICANT WEATHER WAS OBSERVED.


RELATIVE HUMIDITY (PERCENT)
 HIGHEST    59           100 AM
 LOWEST     31           800 AM
 AVERAGE    45

..........................................................


THE CAMARILLO CLIMATE NORMALS FOR TOMORROW
                         NORMAL    RECORD    YEAR
 MAXIMUM TEMPERATURE (F)   69        96      2009
 MINIMUM TEMPERATURE (F)   48        37      1967


SUNRISE AND SUNSET
APRIL 18 2015.........SUNRISE   622 AM PDT   SUNSET   730 PM PDT
APRIL 19 2015.........SUNRISE   621 AM PDT   SUNSET   731 PM PDT


-  INDICATES NEGATIVE NUMBERS.
R  INDICATES RECORD WAS SET OR TIED.
MM INDICATES DATA IS MISSING.
T  INDICATES TRACE AMOUNT.




$$
