000
CDUS41 KILN 280548
CLICMH


CLIMATE REPORT
NATIONAL WEATHER SERVICE WILMINGTON OH
130 AM EDT TUE APR 28 2015


...................................

...THE COLUMBUS OH CLIMATE SUMMARY FOR APRIL 27 2015...

CLIMATE NORMAL PERIOD 1981 TO 2010
CLIMATE RECORD PERIOD 1869 TO 2015


WEATHER ITEM   OBSERVED TIME   RECORD YEAR NORMAL DEPARTURE LAST
                VALUE   (LST)  VALUE       VALUE  FROM      YEAR
                                                  NORMAL
..................................................................
TEMPERATURE (F)
 YESTERDAY
  MAXIMUM         54    103 PM  88    1990  68    -14       69
                                      1986
  MINIMUM         37    603 AM  28    1971  46     -9       40
  AVERAGE         46                        57    -11       55

PRECIPITATION (IN)
  YESTERDAY        0.00          1.36 1966   0.11  -0.11     0.00
  MONTH TO DATE    4.04                      3.06   0.98     2.92
  SINCE MAR 1      7.96                      6.08   1.88     5.51
  SINCE JAN 1     12.53                     11.06   1.47    10.30

SNOWFALL (IN)
  YESTERDAY        0.0                       0.0    0.0      0.0
  MONTH TO DATE    0.0                       1.1   -1.1      0.9
  SINCE MAR 1      5.4                       5.3    0.1      5.4
  SINCE JUL 1     33.4                      26.7    6.7     56.4
  SNOW DEPTH       0

DEGREE DAYS
 HEATING
  YESTERDAY       19                         9     10       10
  MONTH TO DATE  303                       347    -44      283
  SINCE MAR 1   1137                      1063     74     1120
  SINCE JUL 1   5691                      5058    633     5504

 COOLING
  YESTERDAY        0                         1     -1        0
  MONTH TO DATE    0                         9     -9        6
  SINCE MAR 1      0                         9     -9        6
  SINCE JAN 1      0                         9     -9        6
..................................................................


WIND (MPH)
  RESULTANT WIND SPEED   8   RESULTANT WIND DIRECTION   N (360)
  HIGHEST WIND SPEED    20   HIGHEST WIND DIRECTION     N (350)
  HIGHEST GUST SPEED    25   HIGHEST GUST DIRECTION     N (350)
  AVERAGE WIND SPEED     8.0


SKY COVER
  POSSIBLE SUNSHINE  MM
  AVERAGE SKY COVER 0.5


WEATHER CONDITIONS
 THE FOLLOWING WEATHER WAS RECORDED YESTERDAY.
  NO SIGNIFICANT WEATHER WAS OBSERVED.


RELATIVE HUMIDITY (PERCENT)
 HIGHEST    82           200 AM
 LOWEST     50          1000 AM
 AVERAGE    66

..........................................................


THE COLUMBUS OH CLIMATE NORMALS FOR TODAY
                         NORMAL    RECORD    YEAR
 MAXIMUM TEMPERATURE (F)   68        85      1914
 MINIMUM TEMPERATURE (F)   47        28      1967


SUNRISE AND SUNSET
APRIL 28 2015.........SUNRISE   636 AM EDT   SUNSET   823 PM EDT
APRIL 29 2015.........SUNRISE   634 AM EDT   SUNSET   824 PM EDT


-  INDICATES NEGATIVE NUMBERS.
R  INDICATES RECORD WAS SET OR TIED.
MM INDICATES DATA IS MISSING.
T  INDICATES TRACE AMOUNT.




$$
