000
CDUS45 KPUB 180020
CLICOS


CLIMATE REPORT
NATIONAL WEATHER SERVICE PUEBLO
620 PM MDT FRI APR 17 2015


...................................

...THE COLORADO SPRINGS CO CLIMATE SUMMARY FOR APRIL 17 2015...
VALID TODAY AS OF 0500 PM LOCAL TIME.

CLIMATE NORMAL PERIOD 1981 TO 2010
CLIMATE RECORD PERIOD 1872 TO 2015


WEATHER ITEM   OBSERVED TIME   RECORD YEAR NORMAL DEPARTURE LAST
                VALUE   (LST)  VALUE       VALUE  FROM      YEAR
                                                  NORMAL
..................................................................
TEMPERATURE (F)
 TODAY
  MAXIMUM         52    421 PM  80    1994  60     -8       55
  MINIMUM         33    354 AM  12    1901  34     -1       32
  AVERAGE         43                        47     -4       44

PRECIPITATION (IN)
  TODAY            0.37          0.94 1976   0.05   0.32      T
  MONTH TO DATE    0.71                      0.68   0.03     0.90
  SINCE MAR 1      1.52                      1.68  -0.16     1.32
  SINCE JAN 1      3.84                      2.34   1.50     2.21

SNOWFALL (IN)
  TODAY            T             9.5  1976   0.2   -0.2       T
  MONTH TO DATE    1.7                       3.1   -1.4      7.5
  SINCE MAR 1      5.6                      11.2   -5.6     10.3
  SINCE JUL 1     46.5                      35.2   11.3     34.4
  SNOW DEPTH       0

DEGREE DAYS
 HEATING
  TODAY           22                        18      4       21
  MONTH TO DATE  275                       345    -70      350
  SINCE MAR 1    944                      1150   -206     1131
  SINCE JUL 1   5165                      5713   -548     5618

 COOLING
  TODAY            0                         0      0        0
  MONTH TO DATE    0                         0      0        0
  SINCE MAR 1      0                         0      0        0
  SINCE JAN 1      0                         0      0        0
..................................................................


WIND (MPH)
  HIGHEST WIND SPEED    23   HIGHEST WIND DIRECTION     S (190)
  HIGHEST GUST SPEED    30   HIGHEST GUST DIRECTION    NE (60)
  AVERAGE WIND SPEED    14.0


SKY COVER
  POSSIBLE SUNSHINE  MM
  AVERAGE SKY COVER 0.8


WEATHER CONDITIONS
 THE FOLLOWING WEATHER WAS RECORDED TODAY.
  THUNDERSTORM
  MIXED PRECIP
  LIGHT RAIN
  HAIL
  SNOW
  LIGHT SNOW
  FOG


RELATIVE HUMIDITY (PERCENT)
 HIGHEST    96           100 AM
 LOWEST     21           200 PM
 AVERAGE    59

..........................................................


THE COLORADO SPRINGS CO CLIMATE NORMALS FOR TOMORROW
                         NORMAL    RECORD    YEAR
 MAXIMUM TEMPERATURE (F)   60        80      1987
 MINIMUM TEMPERATURE (F)   34        14      1922


SUNRISE AND SUNSET
APRIL 17 2015.........SUNRISE   620 AM MDT   SUNSET   738 PM MDT
APRIL 18 2015.........SUNRISE   619 AM MDT   SUNSET   739 PM MDT


-  INDICATES NEGATIVE NUMBERS.
R  INDICATES RECORD WAS SET OR TIED.
MM INDICATES DATA IS MISSING.
T  INDICATES TRACE AMOUNT.




$$
