000
CDUS43 KLSX 012229
CLICOU


CLIMATE REPORT
NATIONAL WEATHER SERVICE ST LOUIS MO
526 PM CDT WED APR 1 2015


...................................

...THE COLUMBIA ASOS CLIMATE SUMMARY FOR APRIL 1 2015...
VALID TODAY AS OF 0500 PM LOCAL TIME.

CLIMATE NORMAL PERIOD 1981 TO 2010
CLIMATE RECORD PERIOD 1890 TO 2015


WEATHER ITEM   OBSERVED TIME   RECORD YEAR NORMAL DEPARTURE LAST
                VALUE   (LST)  VALUE       VALUE  FROM      YEAR
                                                  NORMAL
..................................................................
TEMPERATURE (F)
 TODAY
  MAXIMUM         78    143 PM  88    1946  61     17       56
  MINIMUM         46    500 AM  20    1926  39      7       32
  AVERAGE         62                        50     12       44

PRECIPITATION (IN)
  TODAY            0.00          2.48 1983   0.13  -0.13     0.10
  MONTH TO DATE    0.00                      0.13  -0.13     0.10
  SINCE MAR 1      1.54                      3.04  -1.50     1.33
  SINCE JAN 1      3.89                      7.21  -3.32     3.59

SNOWFALL (IN)
  TODAY            0.0           0.4  1962   0.0    0.0      0.0
  MONTH TO DATE    0.0                       0.0    0.0      0.0
  SINCE MAR 1      1.6                       1.7   -0.1      0.5
  SINCE JUL 1     12.0                      17.8   -5.8     17.8
  SNOW DEPTH       0

DEGREE DAYS
 HEATING
  TODAY            3                        15    -12       21
  MONTH TO DATE    3                        15    -12       21
  SINCE MAR 1    588                       651    -63      751
  SINCE JUL 1   4643                      4597     46     5180

 COOLING
  TODAY            0                         0      0        0
  MONTH TO DATE    0                         0      0        0
  SINCE MAR 1      0                         3     -3        0
  SINCE JAN 1      0                         3     -3        0
..................................................................


WIND (MPH)
  HIGHEST WIND SPEED    26   HIGHEST WIND DIRECTION     S (180)
  HIGHEST GUST SPEED    33   HIGHEST GUST DIRECTION     S (180)
  AVERAGE WIND SPEED    13.1


SKY COVER
  AVERAGE SKY COVER 0.0



RELATIVE HUMIDITY (PERCENT)
 HIGHEST    56           500 AM
 LOWEST     31          1000 AM
 AVERAGE    44

..........................................................


THE COLUMBIA ASOS CLIMATE NORMALS FOR TOMORROW
                         NORMAL    RECORD    YEAR
 MAXIMUM TEMPERATURE (F)   62        89      2012
 MINIMUM TEMPERATURE (F)   40        23      1992
                                             1936


SUNRISE AND SUNSET
APRIL  1 2015.........SUNRISE   654 AM CDT   SUNSET   732 PM CDT
APRIL  2 2015.........SUNRISE   652 AM CDT   SUNSET   733 PM CDT


-  INDICATES NEGATIVE NUMBERS.
R  INDICATES RECORD WAS SET OR TIED.
MM INDICATES DATA IS MISSING.
T  INDICATES TRACE AMOUNT.




$$
