000
CDUS42 KILM 050850
CLICRE


CLIMATE REPORT
NATIONAL WEATHER SERVICE WILMINGTON NC
450 AM EDT TUE MAY 5 2015


...................................

...THE NORTH MYRTLE BEACH SC CLIMATE SUMMARY FOR MAY 4 2015...

CLIMATE NORMAL PERIOD 1981 TO 2010
CLIMATE RECORD PERIOD 1949 TO 2015


WEATHER ITEM   OBSERVED TIME   RECORD YEAR NORMAL DEPARTURE LAST
                VALUE   (LST)  VALUE       VALUE  FROM      YEAR
                                                  NORMAL
..................................................................
TEMPERATURE (F)
 YESTERDAY
  MAXIMUM         76    245 PM  87    1949  76      0       83
  MINIMUM         54    550 AM  45    2004  57     -3       56
  AVERAGE         65                        67     -2       70

PRECIPITATION (IN)
  YESTERDAY        0.00                      0.10  -0.10     0.00
  MONTH TO DATE    T                         0.39  -0.39      T
  SINCE MAR 1      6.07                      7.27  -1.20     7.27
  SINCE JAN 1     13.26                     14.38  -1.12    11.39

DEGREE DAYS
 HEATING
  YESTERDAY        0                         2     -2        0
  MONTH TO DATE    8                         8      0        0
  SINCE MAR 1    363                       487   -124      553
  SINCE JUL 1   2418                      2431    -13     2577

 COOLING
  YESTERDAY        0                         3     -3        5
  MONTH TO DATE    0                        12    -12       20
  SINCE MAR 1     52                        54     -2       62
  SINCE JAN 1     53                        54     -1       62
..................................................................


WIND (MPH)
  HIGHEST WIND SPEED    13   HIGHEST WIND DIRECTION     S (170)
  HIGHEST GUST SPEED    17   HIGHEST GUST DIRECTION     S (160)
  AVERAGE WIND SPEED     5.1


SKY COVER
  POSSIBLE SUNSHINE  MM
  AVERAGE SKY COVER 0.0


WEATHER CONDITIONS
 THE FOLLOWING WEATHER WAS RECORDED YESTERDAY.
  FOG


RELATIVE HUMIDITY (PERCENT)
 HIGHEST   100           400 AM
 LOWEST     50          1200 PM
 AVERAGE    75

..........................................................


THE NORTH MYRTLE BEACH SC CLIMATE NORMALS FOR TODAY
                         NORMAL    RECORD    YEAR
 MAXIMUM TEMPERATURE (F)   76        91      1952
 MINIMUM TEMPERATURE (F)   57        45      1997


SUNRISE AND SUNSET
MAY  5 2015...........SUNRISE   622 AM EDT   SUNSET   801 PM EDT
MAY  6 2015...........SUNRISE   621 AM EDT   SUNSET   802 PM EDT


-  INDICATES NEGATIVE NUMBERS.
R  INDICATES RECORD WAS SET OR TIED.
MM INDICATES DATA IS MISSING.
T  INDICATES TRACE AMOUNT.




$$
