000
CDUS41 KRLX 272116
CLICRW


CLIMATE REPORT
NATIONAL WEATHER SERVICE CHARLESTON WV
516 PM EDT MON APR 27 2015


...................................

...THE CHARLESTON WV CLIMATE SUMMARY FOR APRIL 27 2015...
VALID TODAY AS OF 0500 PM LOCAL TIME.

CLIMATE NORMAL PERIOD 1981 TO 2010
CLIMATE RECORD PERIOD 1901 TO 2015


WEATHER ITEM   OBSERVED TIME   RECORD YEAR NORMAL DEPARTURE LAST
                VALUE   (LST)  VALUE       VALUE  FROM      YEAR
                                                  NORMAL
..................................................................
TEMPERATURE (F)
 TODAY
  MAXIMUM         60    359 PM  94    1990  71    -11       80
  MINIMUM         36    601 AM  30    1926  48    -12       49
                                      1919
  AVERAGE         48                        59    -11       65

PRECIPITATION (IN)
  TODAY            0.00          1.48 1973   0.12  -0.12     0.00
  MONTH TO DATE    6.27                      2.89   3.38     2.10
  SINCE MAR 1     12.04                      6.80   5.24     5.80
  SINCE JAN 1     17.24                     12.99   4.25    12.86

DEGREE DAYS
 HEATING
  TODAY           17                         7     10        0
  MONTH TO DATE  227                       275    -48      198
  SINCE MAR 1    840                       875    -35      916
  SINCE JUL 1   4745                      4329    416     4683

 COOLING
  TODAY            0                         1     -1        0
  MONTH TO DATE   15                        26    -11       15
  SINCE MAR 1     15                        31    -16       15
  SINCE JAN 1     15                        31    -16       15
..................................................................


WIND (MPH)
  HIGHEST WIND SPEED    16   HIGHEST WIND DIRECTION    NW (310)
  HIGHEST GUST SPEED    22   HIGHEST GUST DIRECTION    NW (310)
  AVERAGE WIND SPEED     5.6


SKY COVER
  POSSIBLE SUNSHINE  MM
  AVERAGE SKY COVER 0.3


WEATHER CONDITIONS
 THE FOLLOWING WEATHER WAS RECORDED TODAY.
  HAZE


RELATIVE HUMIDITY (PERCENT)
 HIGHEST    92           600 AM
 LOWEST     36           200 PM
 AVERAGE    64

..........................................................


THE CHARLESTON WV CLIMATE NORMALS FOR TOMORROW
                         NORMAL    RECORD    YEAR
 MAXIMUM TEMPERATURE (F)   71        90      1915
                                             1914
 MINIMUM TEMPERATURE (F)   48        29      1976


SUNRISE AND SUNSET
APRIL 27 2015.........SUNRISE   635 AM EDT   SUNSET   814 PM EDT
APRIL 28 2015.........SUNRISE   634 AM EDT   SUNSET   815 PM EDT


-  INDICATES NEGATIVE NUMBERS.
R  INDICATES RECORD WAS SET OR TIED.
MM INDICATES DATA IS MISSING.
T  INDICATES TRACE AMOUNT.




$$
