000
CDUS42 KFFC 180819
CLICSG


CLIMATE REPORT
NATIONAL WEATHER SERVICE PEACHTREE CITY GA
417 AM EDT SAT APR 18 2015


...................................

...THE COLUMBUS CLIMATE SUMMARY FOR APRIL 17 2015...

CLIMATE NORMAL PERIOD 1981 TO 2010
CLIMATE RECORD PERIOD 1948 TO 2015


WEATHER ITEM   OBSERVED TIME   RECORD YEAR NORMAL DEPARTURE LAST
                VALUE   (LST)  VALUE       VALUE  FROM      YEAR
                                                  NORMAL
..................................................................
TEMPERATURE (F)
 YESTERDAY
  MAXIMUM         63   1159 PM  91    1955  77    -14       67
  MINIMUM         56    624 AM  32    1949  53      3       45
  AVERAGE         60                        65     -5       56

PRECIPITATION (IN)
  YESTERDAY        1.24R         0.28 1982   0.11   1.13     0.00
  MONTH TO DATE    3.90                      2.15   1.75     5.35
  SINCE MAR 1      6.36                      7.61  -1.25    10.75
  SINCE JAN 1     13.73                     15.90  -2.17    19.07

DEGREE DAYS
 HEATING
  YESTERDAY        5                         3      2        9
  MONTH TO DATE   13                        68    -55       64
  SINCE MAR 1    188                       314   -126      376
  SINCE JUL 1   2198                      2091    107     2319

 COOLING
  YESTERDAY        0                         3     -3        0
  MONTH TO DATE   82                        33     49       25
  SINCE MAR 1    111                        56     55       25
  SINCE JAN 1    111                        60     51       28
..................................................................


WIND (MPH)
  HIGHEST WIND SPEED    10   HIGHEST WIND DIRECTION     E (100)
  HIGHEST GUST SPEED    14   HIGHEST GUST DIRECTION    SE (120)
  AVERAGE WIND SPEED     5.6


SKY COVER
  AVERAGE SKY COVER 1.0


WEATHER CONDITIONS
 THE FOLLOWING WEATHER WAS RECORDED YESTERDAY.
  HEAVY RAIN
  RAIN
  LIGHT RAIN
  FOG


RELATIVE HUMIDITY (PERCENT)
 HIGHEST   100           300 AM
 LOWEST     93          1200 AM
 AVERAGE    97

..........................................................


THE COLUMBUS CLIMATE NORMALS FOR TODAY
                         NORMAL    RECORD    YEAR
 MAXIMUM TEMPERATURE (F)   77        91      2002
 MINIMUM TEMPERATURE (F)   53        37      1962
                                             1956


SUNRISE AND SUNSET
APRIL 18 2015.........SUNRISE   707 AM EDT   SUNSET   812 PM EDT
APRIL 19 2015.........SUNRISE   706 AM EDT   SUNSET   812 PM EDT


-  INDICATES NEGATIVE NUMBERS.
R  INDICATES RECORD WAS SET OR TIED.
MM INDICATES DATA IS MISSING.
T  INDICATES TRACE AMOUNT.




$$
