000
CDUS42 KTAE 270637
CLICTY


CLIMATE REPORT
NATIONAL WEATHER SERVICE TALLAHASSEE FL
236 AM EDT MON APR 27 2015


...................................

...THE CROSS CITY  CLIMATE SUMMARY FOR APRIL 26 2015...

CLIMATE NORMAL PERIOD 1981 TO 2010
CLIMATE RECORD PERIOD 1948 TO 2015


WEATHER ITEM   OBSERVED TIME   NORMAL DEPARTURE LAST
                VALUE   (LST)  VALUE  FROM      YEAR
                                      NORMAL
......................................................
TEMPERATURE (F)
 YESTERDAY
  MAXIMUM         88    130 PM  82      6       85
  MINIMUM         69    116 AM  56     13       63
  AVERAGE         79            69     10

PRECIPITATION (IN)
  YESTERDAY        0.26          0.06   0.20     0.00
  MONTH TO DATE    1.64          2.76  -1.12     3.83
  SINCE MAR 1      3.01          6.97  -3.96     8.79
  SINCE JAN 1      8.98         14.28  -5.30    18.94

DEGREE DAYS
 HEATING
  YESTERDAY        0             1     -1
  MONTH TO DATE    0            47    -47
  SINCE MAR 1     52           182   -130
  SINCE JUL 1   1212          1302    -90

 COOLING
  YESTERDAY       14             5      9
  MONTH TO DATE  245            87    158
  SINCE MAR 1    401           134    267
  SINCE JAN 1    417           161    256
......................................................


WIND (MPH)
  RESULTANT WIND SPEED   7   RESULTANT WIND DIRECTION   W (260)
  HIGHEST WIND SPEED    17   HIGHEST WIND DIRECTION     W (250)
  HIGHEST GUST SPEED    27   HIGHEST GUST DIRECTION     W (250)
  AVERAGE WIND SPEED     8.2



WEATHER CONDITIONS
 THE FOLLOWING WEATHER WAS RECORDED YESTERDAY.
  NO SIGNIFICANT WEATHER WAS OBSERVED.


RELATIVE HUMIDITY (PERCENT)
 HIGHEST    97
 LOWEST     57

..........................................................




SUNRISE AND SUNSET
APRIL 27 2015.........SUNRISE   654 AM EDT   SUNSET   807 PM EDT
APRIL 28 2015.........SUNRISE   653 AM EDT   SUNSET   807 PM EDT


-  INDICATES NEGATIVE NUMBERS.
R  INDICATES RECORD WAS SET OR TIED.
MM INDICATES DATA IS MISSING.
T  INDICATES TRACE AMOUNT.




$$
