000
CDUS46 KSGX 180016
CLICZZ


CLIMATE REPORT
NATIONAL WEATHER SERVICE SAN DIEGO, CA
516 PM PDT FRI APR 17 2015


...................................

...THE CAMPO ASOS CA CLIMATE SUMMARY FOR APRIL 17 2015...
VALID TODAY AS OF 0500 PM LOCAL TIME.

CLIMATE NORMAL PERIOD 1981 TO 2010
CLIMATE RECORD PERIOD 1948 TO 2015


WEATHER ITEM   OBSERVED TIME   RECORD YEAR NORMAL DEPARTURE LAST
                VALUE   (LST)  VALUE       VALUE  FROM      YEAR
                                                  NORMAL
..................................................................
TEMPERATURE (F)
 TODAY
  MAXIMUM         79    113 PM  91    1954  73      6       81
  MINIMUM         33    431 AM  24    1976  38     -5       39
  AVERAGE         56                        55      1       60

PRECIPITATION (IN)
  TODAY            0.00          0.78 1963   0.03  -0.03     0.00
  MONTH TO DATE    0.03                      0.66  -0.63     0.28
  SINCE OCT 1      6.38                     13.78  -7.40     4.60
  SINCE JAN 1      2.51                      9.56  -7.05     2.35

SNOWFALL (IN)
  TODAY            0.0
  MONTH TO DATE    0.0
  SINCE MAR 1      0.0
  SINCE JUL 1      0.0
  SNOW DEPTH       0

DEGREE DAYS
 HEATING
  TODAY            9                        10     -1        5
  MONTH TO DATE  184                       190     -6      169
  SINCE MAR 1    479                       607   -128      541
  SINCE JUL 1   2115                      2658   -543     2411

 COOLING
  TODAY            0                         0      0        0
  MONTH TO DATE    0                         0      0        1
  SINCE MAR 1      0                         0      0        1
  SINCE JAN 1      0                         0      0        1
..................................................................


WIND (MPH)
  RESULTANT WIND SPEED   5   RESULTANT WIND DIRECTION  NE (60)
  HIGHEST WIND SPEED    21   HIGHEST WIND DIRECTION    NW (310)
  HIGHEST GUST SPEED    26   HIGHEST GUST DIRECTION    NE (40)
  AVERAGE WIND SPEED     8.6


SKY COVER
  POSSIBLE SUNSHINE  MM
  AVERAGE SKY COVER 0.0



RELATIVE HUMIDITY (PERCENT)
 HIGHEST    41           300 AM
 LOWEST      8           100 PM
 AVERAGE    25

..........................................................


THE CAMPO ASOS CA CLIMATE NORMALS FOR TOMORROW
                         NORMAL    RECORD    YEAR
 MAXIMUM TEMPERATURE (F)   73        91      1989
 MINIMUM TEMPERATURE (F)   38        26      2002
                                             1976


SUNRISE AND SUNSET
APRIL 17 2015.........SUNRISE   614 AM PDT   SUNSET   717 PM PDT
APRIL 18 2015.........SUNRISE   613 AM PDT   SUNSET   718 PM PDT


-  INDICATES NEGATIVE NUMBERS.
R  INDICATES RECORD WAS SET OR TIED.
MM INDICATES DATA IS MISSING.
T  INDICATES TRACE AMOUNT.




$$
