000
CDUS43 KILX 050631
CLIDEC


CLIMATE REPORT
NATIONAL WEATHER SERVICE LINCOLN IL
130 AM CDT TUE MAY 5 2015


...................................

...THE DECATUR IL AIRPORT CLIMATE SUMMARY FOR MAY 4 2015...

CLIMATE NORMAL PERIOD 1981 TO 2010
CLIMATE RECORD PERIOD 9999 TO 9999


WEATHER ITEM   OBSERVED TIME   RECORD YEAR NORMAL DEPARTURE LAST
                VALUE   (LST)  VALUE       VALUE  FROM      YEAR
                                                  NORMAL
..................................................................
TEMPERATURE (F)
 YESTERDAY
  MAXIMUM         81    432 PM  MM      MM  71     10       71
  MINIMUM         62    704 AM  MM      MM  48     14       47
  AVERAGE         72                        59     13       59

PRECIPITATION (IN)
  YESTERDAY        0.13         MM      MM   0.16  -0.03     0.00
  MONTH TO DATE    0.13                      0.64  -0.51      T
  SINCE MAR 1      3.76                      7.08  -3.32     5.94
  SINCE JAN 1      5.01                     10.80  -5.79     7.06

DEGREE DAYS
 HEATING
  YESTERDAY        0                         7     -7        6
  MONTH TO DATE   17                        28    -11       41
  SINCE MAR 1   1107                      1134    -27     1251
  SINCE JUL 1   5753                      5391    362     6063

 COOLING
  YESTERDAY        7                         1      6        0
  MONTH TO DATE   14                         4     10        0
  SINCE MAR 1     17                        18     -1        1
  SINCE JAN 1     17                        18     -1        1
..................................................................


WIND (MPH)
  HIGHEST WIND SPEED    17   HIGHEST WIND DIRECTION    SW (210)
  HIGHEST GUST SPEED    23   HIGHEST GUST DIRECTION    SW (220)
  AVERAGE WIND SPEED    10.9


SKY COVER
  POSSIBLE SUNSHINE  MM
  AVERAGE SKY COVER 0.7


WEATHER CONDITIONS
 THE FOLLOWING WEATHER WAS RECORDED YESTERDAY.
  THUNDERSTORM
  LIGHT RAIN
  FOG


RELATIVE HUMIDITY (PERCENT)
 HIGHEST    81          1100 PM
 LOWEST     45          1200 AM
 AVERAGE    63

..........................................................


THE DECATUR IL AIRPORT CLIMATE NORMALS FOR TODAY
                         NORMAL    RECORD    YEAR
 MAXIMUM TEMPERATURE (F)   71        MM        MM
 MINIMUM TEMPERATURE (F)   48        MM        MM


SUNRISE AND SUNSET
MAY  5 2015...........SUNRISE   551 AM CDT   SUNSET   754 PM CDT
MAY  6 2015...........SUNRISE   550 AM CDT   SUNSET   755 PM CDT


-  INDICATES NEGATIVE NUMBERS.
R  INDICATES RECORD WAS SET OR TIED.
MM INDICATES DATA IS MISSING.
T  INDICATES TRACE AMOUNT.




$$
