000
CDUS45 KBOU 261231
CLIDEN


CLIMATE REPORT
NATIONAL WEATHER SERVICE DENVER CO
631 AM MDT SUN APR 26 2015


...................................

...THE DENVER CO CLIMATE SUMMARY FOR APRIL 26 2015...
VALID AS OF 0600 AM LOCAL TIME.

CLIMATE NORMAL PERIOD 1981 TO 2010
CLIMATE RECORD PERIOD 1872 TO 2015


WEATHER ITEM   OBSERVED TIME   RECORD YEAR NORMAL DEPARTURE LAST
                VALUE   (LST)  VALUE       VALUE  FROM      YEAR
                                                  NORMAL
..................................................................
TEMPERATURE (F)
 TODAY
  MAXIMUM         47    129 AM  84    1981  64    -17       78
  MINIMUM         41    448 AM  18    1924  36      5       46
  AVERAGE         44                        50     -6       62

PRECIPITATION (IN)
  TODAY            0.27          3.04 1972   0.07   0.20      T
  MONTH TO DATE    2.07                      1.43   0.64     0.95
  SINCE MAR 1      2.86                      2.35   0.51     1.78
  SINCE JAN 1      4.49                      3.13   1.36     2.91

..................................................................


WIND (MPH)
  HIGHEST WIND SPEED    25   HIGHEST WIND DIRECTION    NE (60)
  HIGHEST GUST SPEED    30   HIGHEST GUST DIRECTION    NE (60)
  AVERAGE WIND SPEED     6.3




RELATIVE HUMIDITY (PERCENT)
 HIGHEST    93           100 AM
 LOWEST     86          1200 AM
 AVERAGE    90

..........................................................


THE DENVER CO CLIMATE NORMALS FOR TOMORROW
                         NORMAL    RECORD    YEAR
 MAXIMUM TEMPERATURE (F)   65        84      1992
 MINIMUM TEMPERATURE (F)   36        23      1994


SUNRISE AND SUNSET
APRIL 26 2015.........SUNRISE   606 AM MST   SUNSET   747 PM MST
APRIL 27 2015.........SUNRISE   604 AM MST   SUNSET   748 PM MST


-  INDICATES NEGATIVE NUMBERS.
R  INDICATES RECORD WAS SET OR TIED.
MM INDICATES DATA IS MISSING.
T  INDICATES TRACE AMOUNT.




$$
