000
CDUS44 KSHV 180742
CLIDEQ


CLIMATE REPORT
NATIONAL WEATHER SERVICE SHREVEPORT, LA
240 AM CDT SAT APR 18 2015


...................................

...THE DE QUEEN CLIMATE SUMMARY FOR APRIL 17 2015...

CLIMATE NORMAL PERIOD 1981 TO 2010
CLIMATE RECORD PERIOD 1902 TO 2015


WEATHER ITEM   OBSERVED TIME   RECORD YEAR NORMAL DEPARTURE LAST
                VALUE   (LST)  VALUE       VALUE  FROM      YEAR
                                                  NORMAL
..................................................................
TEMPERATURE (F)
 YESTERDAY
  MAXIMUM         82    233 PM  89    2006  74      8       67
  MINIMUM         59    526 AM  27    1951  49     10       37
  AVERAGE         71                        62      9       52

PRECIPITATION (IN)
  YESTERDAY        0.00          3.53 1943   0.13  -0.13      T
  MONTH TO DATE    0.89                      1.94  -1.05     3.08
  SINCE DEC 1     16.18                     17.94  -1.76    10.10
  SINCE JAN 1     14.46                     13.58   0.88     8.17

SNOWFALL (IN)
  YESTERDAY        0.0
  MONTH TO DATE    0.0
  SINCE MAR 1      2.6
  SINCE JUL 1      7.9
  SNOW DEPTH       0

DEGREE DAYS
 HEATING
  YESTERDAY        0                         5     -5       13
  MONTH TO DATE   47                       113    -66      147
  SINCE MAR 1    394                       490    -96      608
  SINCE JUL 1   3046                      2981     65     3380

 COOLING
  YESTERDAY        6                         1      5        0
  MONTH TO DATE   36                        17     19       17
  SINCE MAR 1     38                        26     12       18
  SINCE JAN 1     38                        28     10       18
..................................................................


WIND (MPH)
  HIGHEST WIND SPEED    10   HIGHEST WIND DIRECTION     E (110)
  HIGHEST GUST SPEED    14   HIGHEST GUST DIRECTION     E (110)
  AVERAGE WIND SPEED     3.0


SKY COVER
  POSSIBLE SUNSHINE  MM
  AVERAGE SKY COVER 0.2


WEATHER CONDITIONS
 THE FOLLOWING WEATHER WAS RECORDED YESTERDAY.
  FOG


RELATIVE HUMIDITY (PERCENT)
 HIGHEST   100           500 AM
 LOWEST     54           100 PM
 AVERAGE    77

..........................................................


THE DE QUEEN CLIMATE NORMALS FOR TODAY
                         NORMAL    RECORD    YEAR
 MAXIMUM TEMPERATURE (F)   75        93      2006
 MINIMUM TEMPERATURE (F)   49        34      1999


SUNRISE AND SUNSET
APRIL 18 2015.........SUNRISE   643 AM CDT   SUNSET   751 PM CDT
APRIL 19 2015.........SUNRISE   642 AM CDT   SUNSET   752 PM CDT


-  INDICATES NEGATIVE NUMBERS.
R  INDICATES RECORD WAS SET OR TIED.
MM INDICATES DATA IS MISSING.
T  INDICATES TRACE AMOUNT.




$$
