000
CDUS44 KTAE 190637
CLIDHN


CLIMATE REPORT
NATIONAL WEATHER SERVICE TALLAHASSEE FL
231 AM EDT SUN APR 19 2015

...................................

...THE DOTHAN CLIMATE SUMMARY FOR APRIL 18 2015...

CLIMATE NORMAL PERIOD 1981 TO 2010
CLIMATE RECORD PERIOD 1965 TO 2015


WEATHER ITEM   OBSERVED TIME   NORMAL DEPARTURE LAST
                VALUE   (LST)  VALUE  FROM      YEAR
                                      NORMAL
......................................................
TEMPERATURE (F)
 YESTERDAY
  MAXIMUM         77    320 PM  79     -2       61
  MINIMUM         60    615 AM  54      6       53
  AVERAGE         69            66      3       57

PRECIPITATION (IN)
  YESTERDAY        0.03          0.13  -0.10     3.89
  MONTH TO DATE    5.83          2.38   3.45     8.42
  SINCE MAR 1     10.14          8.26   1.88    13.72
  SINCE JAN 1     16.81         17.66  -0.85    21.45

SNOWFALL (IN)
  YESTERDAY        0.0

DEGREE DAYS
 HEATING
  YESTERDAY        0             2     -2        8
  MONTH TO DATE    4            56    -52       61
  SINCE MAR 1    132           267   -135      327
  SINCE JUL 1   1819          1826     -7     1992

 COOLING
  YESTERDAY        4             3      1        0
  MONTH TO DATE  111            38     73       30
  SINCE MAR 1    190            59    131       32
  SINCE JAN 1    194            69    125       41
......................................................


WIND (MPH)
  HIGHEST WIND SPEED     9   HIGHEST WIND DIRECTION     W (260)
  HIGHEST GUST SPEED    12   HIGHEST GUST DIRECTION    SW (240)
  AVERAGE WIND SPEED     2.9






-  INDICATES NEGATIVE NUMBERS.
R  INDICATES RECORD WAS SET OR TIED.
MM INDICATES DATA IS MISSING.
T  INDICATES TRACE AMOUNT.

$$
