000
CDUS45 KTWC 270731 RRA
CLIDUG

CLIMATE REPORT
NATIONAL WEATHER SERVICE TUCSON AZ
1230 AM MST MON APR 27 2015


...................................

...THE DOUGLAS AZ CLIMATE SUMMARY FOR APRIL 26 2015...

CLIMATE NORMAL PERIOD 1981 TO 2010
CLIMATE RECORD PERIOD 1948 TO 2015


WEATHER ITEM   OBSERVED TIME   RECORD YEAR NORMAL DEPARTURE LAST
                VALUE   (LST)  VALUE       VALUE  FROM      YEAR
                                                  NORMAL
..................................................................
TEMPERATURE (F)
 YESTERDAY
  MAXIMUM         67    214 PM  97    2000  82    -15       77
  MINIMUM         40   1159 PM  34    1964  46     -6       53
                                      1961
  AVERAGE         54                        64    -10       65

PRECIPITATION (IN)
  YESTERDAY        0.04          0.12 1998   0.01   0.03     0.00
  MONTH TO DATE    0.40                      0.20   0.20     0.13
  SINCE OCT 1      4.80                      4.64   0.16     1.39
  SINCE JAN 1      2.83                      2.09   0.74     0.57

DEGREE DAYS
 HEATING
  YESTERDAY       11                         3      8        0
  MONTH TO DATE  127                       130     -3      102
  SINCE MAR 1    365                       455    -90      352
  SINCE JUL 1   2203                      2491   -288     2316

 COOLING
  YESTERDAY        0                         2     -2        0
  MONTH TO DATE    0                        18    -18       18
  SINCE MAR 1      4                        19    -15       18
  SINCE JAN 1      4                        19    -15       18
..................................................................


WIND (MPH)
  HIGHEST WIND SPEED    28   HIGHEST WIND DIRECTION     W (270)
  HIGHEST GUST SPEED    35   HIGHEST GUST DIRECTION    NW (320)
  AVERAGE WIND SPEED    14.2


SKY COVER
  POSSIBLE SUNSHINE  MM
  AVERAGE SKY COVER 0.8


WEATHER CONDITIONS
 THE FOLLOWING WEATHER WAS RECORDED YESTERDAY.
  LIGHT RAIN
  FOG


RELATIVE HUMIDITY (PERCENT)
 HIGHEST    80
 LOWEST     24
 AVERAGE    52

..........................................................


THE DOUGLAS AZ CLIMATE NORMALS FOR TODAY
                         NORMAL    RECORD    YEAR
 MAXIMUM TEMPERATURE (F)   83        96      2000
 MINIMUM TEMPERATURE (F)   46        32      1969


SUNRISE AND SUNSET
APRIL 27 2015.........SUNRISE   537 AM MST   SUNSET   655 PM MST
APRIL 28 2015.........SUNRISE   536 AM MST   SUNSET   656 PM MST


-  INDICATES NEGATIVE NUMBERS.
R  INDICATES RECORD WAS SET OR TIED.
MM INDICATES DATA IS MISSING.
T  INDICATES TRACE AMOUNT.




$$
