000
CDUS46 KEKA 031210
CLIEKA


CLIMATE REPORT
NATIONAL WEATHER SERVICE EUREKA CA
509 AM PDT SUN MAY 3 2015


...................................

...THE EUREKA CA CLIMATE SUMMARY FOR MAY 2 2015...

CLIMATE NORMAL PERIOD 1981 TO 2010
CLIMATE RECORD PERIOD 1886 TO 2015


WEATHER ITEM   OBSERVED RECORD YEAR NORMAL DEPARTURE LAST
                VALUE   VALUE       VALUE  FROM      YEAR
                                           NORMAL
...........................................................
TEMPERATURE (F)
 YESTERDAY
  MAXIMUM         53     73    2013  59     -6       60
  MINIMUM         49     36    1894  46      3       52
  AVERAGE         51                 52     -1       56

PRECIPITATION (IN)
  YESTERDAY        0.00   0.86 1986   0.07  -0.07     0.00
  MONTH TO DATE    0.00               0.15  -0.15     0.00
  SINCE OCT 1     30.56              36.87  -6.31    16.96
  SINCE JAN 1     12.18              20.90  -8.72    15.06

SNOWFALL (IN)
  YESTERDAY        0.0    0.0  2002   0.0    0.0      0.0
                               2001
  MONTH TO DATE    0.0                0.0    0.0      0.0
  SINCE MAR 1      T                  T      0.0      0.0
  SINCE JUL 1      T                  0.2   -0.2       T
  SNOW DEPTH       0

DEGREE DAYS
 HEATING
  YESTERDAY       14                 13      1        9
  MONTH TO DATE   28                 26      2       12
  SINCE MAR 1    848                925    -77      801
  SINCE JUL 1   3003               3847   -844     3892

 COOLING
  YESTERDAY        0                  0      0        0
  MONTH TO DATE    0                  0      0        0
  SINCE MAR 1      0                  0      0        0
  SINCE JAN 1      0                  0      0        0
...........................................................


WIND (MPH)
  HIGHEST WIND SPEED    12   HIGHEST WIND DIRECTION    NW (320)
  HIGHEST GUST SPEED    16   HIGHEST GUST DIRECTION    MM
  AVERAGE WIND SPEED     5.1


SKY COVER
  AVERAGE SKY COVER 0.9


WEATHER CONDITIONS
 THE FOLLOWING WEATHER WAS RECORDED YESTERDAY.
  FOG


..........................................................


THE EUREKA CA CLIMATE NORMALS FOR TODAY
                         NORMAL    RECORD    YEAR
 MAXIMUM TEMPERATURE (F)   59        73      1989
 MINIMUM TEMPERATURE (F)   46        39      1950
                                             1894


SUNRISE AND SUNSET
MAY  3 2015...........SUNRISE   613 AM PDT   SUNSET   815 PM PDT
MAY  4 2015...........SUNRISE   612 AM PDT   SUNSET   816 PM PDT


-  INDICATES NEGATIVE NUMBERS.
R  INDICATES RECORD WAS SET OR TIED.
MM INDICATES DATA IS MISSING.
T  INDICATES TRACE AMOUNT.




&&

..........................................................

TOTAL SEASON     NORMAL   % OF NORMAL     LAST SEASON

    30.56         36.87        83            16.96


$$
