000
CDUS41 KRLX 032117
CLIEKN


CLIMATE REPORT
NATIONAL WEATHER SERVICE CHARLESTON WV
516 PM EDT SUN MAY 3 2015


...................................

...THE ELKINS WV CLIMATE SUMMARY FOR MAY 3 2015...
VALID TODAY AS OF 0500 PM LOCAL TIME.

CLIMATE NORMAL PERIOD 1981 TO 2010
CLIMATE RECORD PERIOD 1899 TO 2015


WEATHER ITEM   OBSERVED TIME   RECORD YEAR NORMAL DEPARTURE LAST
                VALUE   (LST)  VALUE       VALUE  FROM      YEAR
                                                  NORMAL
..................................................................
TEMPERATURE (F)
 TODAY
  MAXIMUM         73    238 PM  88    1942  68      5       64
  MINIMUM         37    545 AM  20    1978  41     -4       39
  AVERAGE         55                        55      0       52

PRECIPITATION (IN)
  TODAY            0.00          1.04 2009   0.15  -0.15      T
  MONTH TO DATE    0.26                      0.43  -0.17     0.04
  SINCE MAR 1     14.60                      8.19   6.41     5.17
  SINCE JAN 1     20.32                     14.52   5.80    11.43

DEGREE DAYS
 HEATING
  TODAY           10                        11     -1       13
  MONTH TO DATE   32                        33     -1       40
  SINCE MAR 1   1228                      1275    -47     1324
  SINCE JUL 1   5859                      5596    263     5847

 COOLING
  TODAY            0                         0      0        0
  MONTH TO DATE    0                         0      0        0
  SINCE MAR 1      3                         3      0        2
  SINCE JAN 1      3                         3      0        2
..................................................................


WIND (MPH)
  HIGHEST WIND SPEED     9   HIGHEST WIND DIRECTION    NW (330)
  HIGHEST GUST SPEED    13   HIGHEST GUST DIRECTION     N (360)
  AVERAGE WIND SPEED     1.6


SKY COVER
  POSSIBLE SUNSHINE  MM
  AVERAGE SKY COVER 0.5


WEATHER CONDITIONS
 THE FOLLOWING WEATHER WAS RECORDED TODAY.
  NO SIGNIFICANT WEATHER WAS OBSERVED.


RELATIVE HUMIDITY (PERCENT)
 HIGHEST    92           400 AM
 LOWEST     25           300 PM
 AVERAGE    59

..........................................................


THE ELKINS WV CLIMATE NORMALS FOR TOMORROW
                         NORMAL    RECORD    YEAR
 MAXIMUM TEMPERATURE (F)   68        88      1905
 MINIMUM TEMPERATURE (F)   42        21      1986


SUNRISE AND SUNSET
MAY  3 2015...........SUNRISE   620 AM EDT   SUNSET   814 PM EDT
MAY  4 2015...........SUNRISE   618 AM EDT   SUNSET   815 PM EDT


-  INDICATES NEGATIVE NUMBERS.
R  INDICATES RECORD WAS SET OR TIED.
MM INDICATES DATA IS MISSING.
T  INDICATES TRACE AMOUNT.




$$
