000
CDUS42 KMHX 050526
CLIEWN


CLIMATE REPORT
NATIONAL WEATHER SERVICE NEWPORT/MOREHEAD CITY NC
126 AM EDT TUE MAY 5 2015


...................................

...THE NEW BERN NC CLIMATE SUMMARY FOR MAY 4 2015...

CLIMATE NORMAL PERIOD 1981 TO 2010
CLIMATE RECORD PERIOD 1948 TO 2015


WEATHER ITEM   OBSERVED TIME   RECORD YEAR NORMAL DEPARTURE LAST
                VALUE   (LST)  VALUE       VALUE  FROM      YEAR
                                                  NORMAL
..................................................................
TEMPERATURE (F)
 YESTERDAY
  MAXIMUM         84    137 PM  92    2012  78      6       83
  MINIMUM         50    538 AM  44    1986  55     -5       58
  AVERAGE         67                        66      1       71

PRECIPITATION (IN)
  YESTERDAY        0.00          1.17 1994   0.12  -0.12     0.00
  MONTH TO DATE    0.32                      0.45  -0.13     0.02
  SINCE MAR 1      5.94                      8.01  -2.07     9.45
  SINCE JAN 1     14.31                     15.69  -1.38    15.98

SNOWFALL (IN)
  YESTERDAY        0.0
  MONTH TO DATE    0.0
  SINCE NOV 1      3.0
  SINCE JUL 1      3.0
  SNOW DEPTH       0

DEGREE DAYS
 HEATING
  YESTERDAY        0                         2     -2        0
  MONTH TO DATE   15                         9      6        0
  SINCE MAR 1    472                       530    -58      558
  SINCE JUL 1   2715                      2676     39     2632

 COOLING
  YESTERDAY        2                         4     -2        6
  MONTH TO DATE    2                        13    -11       22
  SINCE MAR 1     90                        80     10      102
  SINCE JAN 1     97                        83     14      107
..................................................................


WIND (MPH)
  HIGHEST WIND SPEED    16   HIGHEST WIND DIRECTION     S (180)
  HIGHEST GUST SPEED    22   HIGHEST GUST DIRECTION    SW (220)
  AVERAGE WIND SPEED     4.1


SKY COVER
  POSSIBLE SUNSHINE  MM
  AVERAGE SKY COVER 0.1


WEATHER CONDITIONS
 THE FOLLOWING WEATHER WAS RECORDED YESTERDAY.
  FOG


RELATIVE HUMIDITY (PERCENT)
 HIGHEST    89           300 AM
 LOWEST     28          1200 PM
 AVERAGE    59

..........................................................


THE NEW BERN NC CLIMATE NORMALS FOR TODAY
                         NORMAL    RECORD    YEAR
 MAXIMUM TEMPERATURE (F)   78        91      2012
                                             1952
 MINIMUM TEMPERATURE (F)   55        39      1966


SUNRISE AND SUNSET
MAY  5 2015...........SUNRISE   613 AM EDT   SUNSET   757 PM EDT
MAY  6 2015...........SUNRISE   612 AM EDT   SUNSET   758 PM EDT


-  INDICATES NEGATIVE NUMBERS.
R  INDICATES RECORD WAS SET OR TIED.
MM INDICATES DATA IS MISSING.
T  INDICATES TRACE AMOUNT.




$$
