000
CDUS41 KOKX 070623
CLIEWR


CLIMATE REPORT
NATIONAL WEATHER SERVICE NEW YORK NY
223 AM EDT THU MAY 7 2015


...................................

...THE NEWARK NJ CLIMATE SUMMARY FOR MAY 6 2015...

CLIMATE NORMAL PERIOD 1981 TO 2010
CLIMATE RECORD PERIOD 1929 TO 2015


WEATHER ITEM   OBSERVED TIME   RECORD YEAR NORMAL DEPARTURE LAST
                VALUE   (LST)  VALUE       VALUE  FROM      YEAR
                                                  NORMAL
..................................................................
TEMPERATURE (F)
 YESTERDAY
  MAXIMUM         71    227 PM  93    1949  69      2       75
  MINIMUM         57   1159 PM  40    1967  50      7       52
                                      1931
  AVERAGE         64                        60      4       64

PRECIPITATION (IN)
  YESTERDAY        T             1.70 1991   0.13  -0.13     0.00
  MONTH TO DATE    T                         0.74  -0.74     0.10
  SINCE MAR 1      6.30                      9.12  -2.82    11.70
  SINCE JAN 1     12.78                     15.54  -2.76    19.42

SNOWFALL (IN)
  YESTERDAY        0.0           T    1994   0.0    0.0      0.0
  MONTH TO DATE    0.0                       0.0    0.0      0.0
  SINCE OCT 1     46.4                      28.5   17.9     61.1
  SINCE JUL 1     46.4                      28.5   17.9     61.1
  SNOW DEPTH       0

DEGREE DAYS
 HEATING
  YESTERDAY        1                         6     -5        1
  MONTH TO DATE   22                        42    -20       18
  SINCE MAR 1   1185                      1127     58     1235
  SINCE JUL 1   5088                      4762    326     5110

 COOLING
  YESTERDAY        0                         1     -1        0
  MONTH TO DATE   16                         6     10        1
  SINCE MAR 1     19                        18      1        9
  SINCE JAN 1     19                        18      1        9
..................................................................


WIND (MPH)
  HIGHEST WIND SPEED    16   HIGHEST WIND DIRECTION     N (10)
  HIGHEST GUST SPEED    20   HIGHEST GUST DIRECTION     N (20)
  AVERAGE WIND SPEED     7.4


SKY COVER
  AVERAGE SKY COVER 0.7


WEATHER CONDITIONS
 THE FOLLOWING WEATHER WAS RECORDED YESTERDAY.
  LIGHT RAIN


RELATIVE HUMIDITY (PERCENT)
 HIGHEST    67          1100 PM
 LOWEST     28           300 PM
 AVERAGE    48

..........................................................


THE NEWARK NJ CLIMATE NORMALS FOR TODAY
                         NORMAL    RECORD    YEAR
 MAXIMUM TEMPERATURE (F)   69        94      2000
 MINIMUM TEMPERATURE (F)   51        38      1996
                                             1970


SUNRISE AND SUNSET
MAY  7 2015...........SUNRISE   548 AM EDT   SUNSET   759 PM EDT
MAY  8 2015...........SUNRISE   547 AM EDT   SUNSET   800 PM EDT


-  INDICATES NEGATIVE NUMBERS.
R  INDICATES RECORD WAS SET OR TIED.
MM INDICATES DATA IS MISSING.
T  INDICATES TRACE AMOUNT.




$$
