000
CDAK49 PAFG 250037
CLIFAI

CLIMATE REPORT
NATIONAL WEATHER SERVICE FAIRBANKS AK
437 PM AKDT FRI APR 24 2015

...................................

...THE FAIRBANKS AK CLIMATE SUMMARY FOR APRIL 24 2015...
VALID TODAY AS OF 0400 PM LOCAL TIME.

CLIMATE NORMAL PERIOD 1981 TO 2010
CLIMATE RECORD PERIOD 1904 TO 2015


WEATHER ITEM   OBSERVED TIME   RECORD YEAR NORMAL DEPARTURE LAST
                VALUE   (LST)  VALUE       VALUE  FROM      YEAR
                                                  NORMAL
..................................................................
TEMPERATURE (F)
 TODAY
  MAXIMUM         56    257 PM  67    1940  50      6       55
  MINIMUM         28    516 AM -10    1948  27      1       31
  AVERAGE         42                        39      3       43

PRECIPITATION (IN)
  TODAY            0.00          0.17 1937   0.01  -0.01      T
  MONTH TO DATE    0.16                      0.22  -0.06     0.20
  SINCE MAR 1      0.65                      0.47   0.18     0.41
  SINCE JAN 1      1.28                      1.47  -0.19     1.03

SNOWFALL (IN)
  TODAY            0.0           1.9  1941   0.1   -0.1      0.0
  MONTH TO DATE    2.1                       2.5   -0.4      2.9
  SINCE MAR 1     10.2                       7.4    2.8      6.0
  SINCE JUL 1     43.8                      63.7  -19.9     48.9
  SNOW DEPTH       0

DEGREE DAYS
 HEATING
  TODAY           23                        26     -3       22
  MONTH TO DATE  722                       829   -107      810
  SINCE MAR 1   2249                      2489   -240     2386
  SINCE JUL 1  11716                     12879  -1163    11778

 COOLING
  TODAY            0                         0      0        0
  MONTH TO DATE    0                         0      0        0
  SINCE MAR 1      0                         0      0        0
  SINCE JAN 1      0                         0      0        0
..................................................................


WIND (MPH)
  HIGHEST GUST SPEED    15   HIGHEST GUST DIRECTION     E (100)


SKY COVER
  AVERAGE SKY COVER 0.3


WEATHER CONDITIONS
 THE FOLLOWING WEATHER WAS RECORDED TODAY.
  NO SIGNIFICANT WEATHER WAS OBSERVED.


RELATIVE HUMIDITY (PERCENT)
 HIGHEST    63
 LOWEST     22
 AVERAGE    43

..........................................................


THE FAIRBANKS AK CLIMATE NORMALS FOR TOMORROW
                         NORMAL    RECORD    YEAR
 MAXIMUM TEMPERATURE (F)   51        69      1997
 MINIMUM TEMPERATURE (F)   28         0      1948


SUNRISE AND SUNSET
APRIL 24 2015..........SUNRISE  544 AM AKDT   SUNSET  958 PM AKDT
APRIL 25 2015..........SUNRISE  541 AM AKDT   SUNSET  1001 PM AKDT


-  INDICATES NEGATIVE NUMBERS.
R  INDICATES RECORD WAS SET OR TIED.
MM INDICATES DATA IS MISSING.
T  INDICATES TRACE AMOUNT.

&&

SNOW DEPTH IS MEASURED AT 3AM AKST/4AM AKDT

----------------------------
AVAILABLE DAYLIGHT

AMOUNT OF DAYLIGHT TODAY  (HOUR:MIN)........16:14
GAIN SINCE YESTERDAY........................7 MINUTES
----------------------------

$$
NTS APR 15
