000
CDUS43 KFGF 060713
CLIFAR


CLIMATE REPORT
NATIONAL WEATHER SERVICE EASTERN NORTH DAKOTA/GRAND FORKS
213 AM CDT WED MAY 6 2015


...................................

...THE FARGO HECTOR INTL AP ND CLIMATE SUMMARY FOR MAY 5 2015...

CLIMATE NORMAL PERIOD 1981 TO 2010
CLIMATE RECORD PERIOD 1881 TO 2015


WEATHER ITEM   OBSERVED TIME   RECORD YEAR NORMAL DEPARTURE LAST
                VALUE   (LST)  VALUE       VALUE  FROM      YEAR
                                                  NORMAL
..................................................................
TEMPERATURE (F)
 YESTERDAY
  MAXIMUM         81    349 PM  96    2000  66     15       60
  MINIMUM         47    519 AM  22    1891  41      6       40
  AVERAGE         64                        53     11       50

PRECIPITATION (IN)
  YESTERDAY        0.00          1.00 2007   0.08  -0.08     0.00
  MONTH TO DATE    0.07                      0.38  -0.31     0.02
  SINCE MAR 1      1.35                      3.07  -1.72     4.17
  SINCE JAN 1      2.32                      4.38  -2.06     5.05

SNOWFALL (IN)
  YESTERDAY        0.0           0.8  1979   0.0    0.0      0.0
  MONTH TO DATE    0.0                       0.0    0.0      0.0
  SINCE MAR 1      0.4                      12.4  -12.0      7.3
  SINCE JUL 1     16.0                      50.4  -34.4     34.9
  SNOW DEPTH       0

DEGREE DAYS
 HEATING
  YESTERDAY        1                        12    -11       15
  MONTH TO DATE   21                        63    -42       91
  SINCE MAR 1   1518                      1841   -323     2140
  SINCE JUL 1   7934                      8519   -585     9417

 COOLING
  YESTERDAY        0                         1     -1        0
  MONTH TO DATE    4                         1      3        0
  SINCE MAR 1      4                         4      0        0
  SINCE JAN 1      4                         4      0        0
..................................................................


WIND (MPH)
  HIGHEST WIND SPEED    25   HIGHEST WIND DIRECTION    SE (150)
  HIGHEST GUST SPEED    36   HIGHEST GUST DIRECTION     S (160)
  AVERAGE WIND SPEED    14.7


SKY COVER
  POSSIBLE SUNSHINE  MM
  AVERAGE SKY COVER 0.1


WEATHER CONDITIONS
 THE FOLLOWING WEATHER WAS RECORDED YESTERDAY.
  NO SIGNIFICANT WEATHER WAS OBSERVED.


RELATIVE HUMIDITY (PERCENT)
 HIGHEST    67          1100 PM
 LOWEST     12           200 PM
 AVERAGE    40

..........................................................


THE FARGO HECTOR INTL AP ND CLIMATE NORMALS FOR TODAY
                         NORMAL    RECORD    YEAR
 MAXIMUM TEMPERATURE (F)   66        88      1896
                                             1881
 MINIMUM TEMPERATURE (F)   41        21      1976


SUNRISE AND SUNSET
MAY  6 2015...........SUNRISE   605 AM CDT   SUNSET   844 PM CDT
MAY  7 2015...........SUNRISE   603 AM CDT   SUNSET   845 PM CDT


-  INDICATES NEGATIVE NUMBERS.
R  INDICATES RECORD WAS SET OR TIED.
MM INDICATES DATA IS MISSING.
T  INDICATES TRACE AMOUNT.




$$
