000
CDUS43 KLMK 070631
CLIFFT


CLIMATE REPORT
NATIONAL WEATHER SERVICE LOUISVILLE KY
230 AM EDT THU MAY 7 2015
...................................

...THE FRANKFORT KY CLIMATE SUMMARY FOR MAY 6 2015...

CLIMATE NORMAL PERIOD 1981 TO 2010
CLIMATE RECORD PERIOD 1895 TO 2015


WEATHER ITEM   OBSERVED TIME   RECORD YEAR NORMAL DEPARTURE LAST
                VALUE   (LST)  VALUE       VALUE  FROM      YEAR
                                                  NORMAL
..................................................................
TEMPERATURE (F)
 YESTERDAY
  MAXIMUM         85    520 PM  92    1949  73     12       82
  MINIMUM         54    559 AM  33    1957  50      4       51
                                      1954
  AVERAGE         70                        61      9       67

PRECIPITATION (IN)
  YESTERDAY        0.00          1.90 1996   0.17  -0.17     0.00
  MONTH TO DATE    0.00                      0.99  -0.99     0.00
  SINCE MAR 1     18.92                      9.06   9.86     8.83
  SINCE JAN 1     22.48                     15.61   6.87    15.03

SNOWFALL (IN)
  YESTERDAY       MM            MM      MM  MM     MM       MM
  MONTH TO DATE   MM                        MM     MM       MM
  SINCE MAR 1     MM                        MM     MM       MM
  SINCE JUL 1     MM                        MM     MM       MM
  SNOW DEPTH      MM

DEGREE DAYS
 HEATING
  YESTERDAY        0                         5     -5        0
  MONTH TO DATE   16                        33    -17       38
  SINCE MAR 1    961                       972    -11     1040
  SINCE JUL 1   5081                      4611    470     5152

 COOLING
  YESTERDAY        5                         1      4        2
  MONTH TO DATE   12                         6      6        4
  SINCE MAR 1     20                        26     -6       12
  SINCE JAN 1     20                        26     -6       12
..................................................................


WIND (MPH)
  HIGHEST WIND SPEED    10   HIGHEST WIND DIRECTION    SE (140)
  HIGHEST GUST SPEED    15   HIGHEST GUST DIRECTION     S (170)
  AVERAGE WIND SPEED     1.7


SKY COVER
  POSSIBLE SUNSHINE  MM
  AVERAGE SKY COVER 0.1


WEATHER CONDITIONS
 THE FOLLOWING WEATHER WAS RECORDED YESTERDAY.
  FOG


RELATIVE HUMIDITY (PERCENT)
 HIGHEST    93           400 AM
 LOWEST     29           500 PM
 AVERAGE    61

..........................................................


THE FRANKFORT KY CLIMATE NORMALS FOR TODAY
                         NORMAL    RECORD    YEAR
 MAXIMUM TEMPERATURE (F)   73        91      1940
                                             1934
 MINIMUM TEMPERATURE (F)   50        32      1974


SUNRISE AND SUNSET
MAY  7 2015...........SUNRISE   637 AM EDT   SUNSET   836 PM EDT
MAY  8 2015...........SUNRISE   636 AM EDT   SUNSET   837 PM EDT


-  INDICATES NEGATIVE NUMBERS.
R  INDICATES RECORD WAS SET OR TIED.
MM INDICATES DATA IS MISSING.
T  INDICATES TRACE AMOUNT.

$$
04
