000
CDUS42 KMFL 042015
CLIFLL


CLIMATE REPORT
NATIONAL WEATHER SERVICE MIAMI, FL
415 PM EDT MON MAY 4 2015


...................................

...THE FORT LAUDERDALE CLIMATE SUMMARY FOR MAY 4 2015...
VALID TODAY AS OF 0400 PM LOCAL TIME.

CLIMATE NORMAL PERIOD 1981 TO 2010
CLIMATE RECORD PERIOD 1839 TO 2015


WEATHER ITEM   OBSERVED TIME   RECORD YEAR NORMAL DEPARTURE LAST
                VALUE   (LST)  VALUE       VALUE  FROM      YEAR
                                                  NORMAL
..................................................................
TEMPERATURE (F)
 TODAY
  MAXIMUM         80   1142 AM  95    1915  85     -5       85
  MINIMUM         71    311 AM  52    1921  72     -1       68
  AVERAGE         76                        78     -2       77

PRECIPITATION (IN)
  TODAY            0.00          2.67 1969   0.08  -0.08     0.00
  MONTH TO DATE    T                         0.27  -0.27     1.81
  SINCE NOV 1     17.19                     18.81  -1.62    26.32
  SINCE JAN 1     12.08                     13.11  -1.03    14.20

SNOWFALL (IN)
  TODAY            0.0
  MONTH TO DATE    0.0
  SINCE MAR 1      0.0
  SINCE JUL 1      0.0
  SNOW DEPTH       0

DEGREE DAYS
 HEATING
  TODAY            0                         0      0        0
  MONTH TO DATE    0                         0      0        0
  SINCE MAR 1      0                        10    -10        1
  SINCE JUL 1     97                       112    -15       81

 COOLING
  TODAY           11                        13     -2       12
  MONTH TO DATE   43                        52     -9       65
  SINCE MAR 1    823                       643    180      729
  SINCE JAN 1   1104                       999    105     1117
..................................................................


WIND (MPH)
  HIGHEST WIND SPEED    21   HIGHEST WIND DIRECTION     E (90)
  HIGHEST GUST SPEED    29   HIGHEST GUST DIRECTION     E (80)
  AVERAGE WIND SPEED    14.7


SKY COVER
  AVERAGE SKY COVER 0.6


WEATHER CONDITIONS
 THE FOLLOWING WEATHER WAS RECORDED TODAY.
  NO SIGNIFICANT WEATHER WAS OBSERVED.


RELATIVE HUMIDITY (PERCENT)
 HIGHEST    62
 LOWEST     31
 AVERAGE    47

..........................................................


THE FORT LAUDERDALE CLIMATE NORMALS FOR TOMORROW
                         NORMAL    RECORD    YEAR
 MAXIMUM TEMPERATURE (F)   85        91      2002
                                             1959
                                             1954
 MINIMUM TEMPERATURE (F)   72        49      1921


SUNRISE AND SUNSET
MAY  4 2015...........SUNRISE   641 AM EDT   SUNSET   754 PM EDT
MAY  5 2015...........SUNRISE   641 AM EDT   SUNSET   754 PM EDT


-  INDICATES NEGATIVE NUMBERS.
R  INDICATES RECORD WAS SET OR TIED.
MM INDICATES DATA IS MISSING.
T  INDICATES TRACE AMOUNT.




$$
