000
CDUS42 KILM 180841
CLIFLO


CLIMATE REPORT
NATIONAL WEATHER SERVICE WILMINGTON NC
441 AM EDT SAT APR 18 2015


...................................

...THE FLORENCE SC CLIMATE SUMMARY FOR APRIL 17 2015...

CLIMATE NORMAL PERIOD 1981 TO 2010
CLIMATE RECORD PERIOD 1948 TO 2015


WEATHER ITEM   OBSERVED TIME   RECORD YEAR NORMAL DEPARTURE LAST
                VALUE   (LST)  VALUE       VALUE  FROM      YEAR
                                                  NORMAL
..................................................................
TEMPERATURE (F)
 YESTERDAY
  MAXIMUM         74    601 PM  93    2006  76     -2       68
  MINIMUM         60   1216 AM  33    1949  51      9       37
  AVERAGE         67                        64      3       53

PRECIPITATION (IN)
  YESTERDAY        0.04          0.84 2000   0.08  -0.04     0.00
  MONTH TO DATE    1.24                      1.46  -0.22     1.59
  SINCE MAR 1      4.64                      4.79  -0.15     6.14
  SINCE JAN 1     11.57                     10.94   0.63    11.86

SNOWFALL (IN)
  YESTERDAY       MM
  MONTH TO DATE   MM
  SINCE MAR 1     MM
  SINCE JUL 1     MM
  SNOW DEPTH      MM

DEGREE DAYS
 HEATING
  YESTERDAY        0                         4     -4       12
  MONTH TO DATE   26                        88    -62       57
  SINCE MAR 1    278                       398   -120      500
  SINCE JUL 1   2516                      2464     52     2629

 COOLING
  YESTERDAY        2                         2      0        0
  MONTH TO DATE   70                        31     39       36
  SINCE MAR 1     94                        49     45       40
  SINCE JAN 1     97                        55     42       46
..................................................................


WIND (MPH)
  HIGHEST WIND SPEED    10   HIGHEST WIND DIRECTION     N (360)
  HIGHEST GUST SPEED    14   HIGHEST GUST DIRECTION     N (340)
  AVERAGE WIND SPEED     3.7


SKY COVER
  POSSIBLE SUNSHINE  MM
  AVERAGE SKY COVER 0.9


WEATHER CONDITIONS
 THE FOLLOWING WEATHER WAS RECORDED YESTERDAY.
  LIGHT RAIN
  FOG
  FOG W/VISIBILITY <= 1/4 MILE


RELATIVE HUMIDITY (PERCENT)
 HIGHEST    97           100 AM
 LOWEST     73           300 PM
 AVERAGE    85

..........................................................


THE FLORENCE SC CLIMATE NORMALS FOR TODAY
                         NORMAL    RECORD    YEAR
 MAXIMUM TEMPERATURE (F)   76        93      1981
 MINIMUM TEMPERATURE (F)   51        35      2001


SUNRISE AND SUNSET
APRIL 18 2015.........SUNRISE   644 AM EDT   SUNSET   753 PM EDT
APRIL 19 2015.........SUNRISE   643 AM EDT   SUNSET   753 PM EDT


-  INDICATES NEGATIVE NUMBERS.
R  INDICATES RECORD WAS SET OR TIED.
MM INDICATES DATA IS MISSING.
T  INDICATES TRACE AMOUNT.




$$
