000
CDUS42 KTBW 250831
CLIFMY


CLIMATE REPORT
NATIONAL WEATHER SERVICE TAMPA BAY FL
427 AM EDT SAT APR 25 2015


...................................

...THE FORT MYERS CLIMATE SUMMARY FOR APRIL 24 2015...

CLIMATE NORMAL PERIOD 1981 TO 2010
CLIMATE RECORD PERIOD 1902 TO 2015


WEATHER ITEM   OBSERVED TIME   RECORD YEAR NORMAL DEPARTURE LAST
                VALUE   (LST)  VALUE       VALUE  FROM      YEAR
                                                  NORMAL
..................................................................
TEMPERATURE (F)
 YESTERDAY
  MAXIMUM         91    232 PM  92    2002  86      5       85
                                      1975
                                      1963
  MINIMUM         73    542 AM  51    1986  64      9       62
  AVERAGE         82                        75      7       74

PRECIPITATION (IN)
  YESTERDAY        0.00          4.67 1939   0.07  -0.07     0.00
  MONTH TO DATE    0.92                      1.76  -0.84     0.93
  SINCE MAR 1      2.41                      4.64  -2.23     4.12
  SINCE JAN 1      5.60                      8.73  -3.13     7.56

DEGREE DAYS
 HEATING
  YESTERDAY        0                         0      0        0
  MONTH TO DATE    0                         0      0        0
  SINCE MAR 1      0                        24    -24        9
  SINCE JUL 1    231                       284    -53      178

 COOLING
  YESTERDAY       17                        10      7        9
  MONTH TO DATE  331                       204    127      217
  SINCE MAR 1    636                       380    256      378
  SINCE JAN 1    784                       565    219      639
..................................................................


WIND (MPH)
  RESULTANT WIND SPEED   5   RESULTANT WIND DIRECTION  NW (310)
  HIGHEST WIND SPEED    17   HIGHEST WIND DIRECTION     W (270)
  HIGHEST GUST SPEED    21   HIGHEST GUST DIRECTION     W (290)
  AVERAGE WIND SPEED     7.1


SKY COVER
  POSSIBLE SUNSHINE  MM
  AVERAGE SKY COVER 0.4


WEATHER CONDITIONS
 THE FOLLOWING WEATHER WAS RECORDED YESTERDAY.
  NO SIGNIFICANT WEATHER WAS OBSERVED.


RELATIVE HUMIDITY (PERCENT)
 HIGHEST   100           300 AM
 LOWEST     52           200 PM

..........................................................


THE FORT MYERS CLIMATE NORMALS FOR TODAY
                         NORMAL    RECORD    YEAR
 MAXIMUM TEMPERATURE (F)   86        93      2011
                                             1989
                                             1958
 MINIMUM TEMPERATURE (F)   64        51      2005


SUNRISE AND SUNSET
APRIL 25 2015.........SUNRISE   655 AM EDT   SUNSET   756 PM EDT
APRIL 26 2015.........SUNRISE   654 AM EDT   SUNSET   757 PM EDT


-  INDICATES NEGATIVE NUMBERS.
R  INDICATES RECORD WAS SET OR TIED.
MM INDICATES DATA IS MISSING.
T  INDICATES TRACE AMOUNT.




$$


&&
------------------------------------------------------------------
******************** SUPPLEMENTAL DATA ***************************

...GULF WATER TEMPERATURE AT FORT MYERS BEACH 87
