000
CDUS43 KUNR 070836
CLIGCC


CLIMATE REPORT
NATIONAL WEATHER SERVICE RAPID CITY SD
236 AM MDT THU MAY 7 2015


...................................

...THE GILLETTE AIRPORT WY CLIMATE SUMMARY FOR MAY 6 2015...

CLIMATE NORMAL PERIOD 1981 TO 2010
CLIMATE RECORD PERIOD 9999 TO 9999


WEATHER ITEM   OBSERVED TIME   NORMAL DEPARTURE LAST
                VALUE   (LST)  VALUE  FROM      YEAR
                                      NORMAL
......................................................
TEMPERATURE (F)
 YESTERDAY
  MAXIMUM         53    614 AM  63    -10       60
  MINIMUM         44    959 PM  37      7       43
  AVERAGE         49            50     -1       52

PRECIPITATION (IN)
  YESTERDAY        0.06          0.06   0.00     0.16
  MONTH TO DATE    0.37          0.40  -0.03     0.42
  SINCE MAR 1      2.02          2.83  -0.81     2.31
  SINCE JAN 1      2.87          3.61  -0.74     3.59

DEGREE DAYS
 HEATING
  YESTERDAY       16            15      1       13
  MONTH TO DATE   61            97    -36       89
  SINCE MAR 1   1370          1705   -335     1694
  SINCE JUL 1   6460          7113   -653     7339

 COOLING
  YESTERDAY        0             0      0        0
  MONTH TO DATE    0             0      0        0
  SINCE MAR 1      0             0      0        0
  SINCE JAN 1      0             0      0        0
......................................................


WIND (MPH)
  HIGHEST WIND SPEED    31   HIGHEST WIND DIRECTION    NW (330)
  HIGHEST GUST SPEED    38   HIGHEST GUST DIRECTION    NW (330)
  AVERAGE WIND SPEED    16.3


SKY COVER
  AVERAGE SKY COVER 0.9


WEATHER CONDITIONS
 THE FOLLOWING WEATHER WAS RECORDED YESTERDAY.
  LIGHT RAIN
  FOG


RELATIVE HUMIDITY (PERCENT)
 HIGHEST    93           100 PM
 LOWEST     77          1200 AM
 AVERAGE    85

..........................................................




SUNRISE AND SUNSET
MAY  7 2015...........SUNRISE   545 AM MDT   SUNSET   813 PM MDT
MAY  8 2015...........SUNRISE   544 AM MDT   SUNSET   814 PM MDT


-  INDICATES NEGATIVE NUMBERS.
R  INDICATES RECORD WAS SET OR TIED.
MM INDICATES DATA IS MISSING.
T  INDICATES TRACE AMOUNT.




$$
