000
CDUS41 KPHI 070626
CLIGED


CLIMATE REPORT
NATIONAL WEATHER SERVICE MOUNT HOLLY NJ
226 AM EDT THU MAY 7 2015


...................................

...THE GEORGETOWN DE CLIMATE SUMMARY FOR MAY 6 2015...

CLIMATE NORMAL PERIOD 1981 TO 2010
CLIMATE RECORD PERIOD 1948 TO 2015


WEATHER ITEM   OBSERVED TIME   RECORD YEAR NORMAL DEPARTURE LAST
                VALUE   (LST)  VALUE       VALUE  FROM      YEAR
                                                  NORMAL
..................................................................
TEMPERATURE (F)
 YESTERDAY
  MAXIMUM         79   1037 AM  91    1950  71      8       73
  MINIMUM         55   1105 PM  35    1954  49      6       52
  AVERAGE         67                        60      7       63

PRECIPITATION (IN)
  YESTERDAY        0.00          0.83 1988   0.11  -0.11      T
  MONTH TO DATE    0.24                      0.55  -0.31     0.24
  SINCE MAR 1      6.96                      8.23  -1.27     7.11
  SINCE JAN 1     13.79                     13.94  -0.15    14.29

SNOWFALL (IN)
  YESTERDAY       MM            MM      MM  MM     MM       MM
  MONTH TO DATE   MM                        MM     MM       MM
  SINCE MAR 1     MM                        MM     MM       MM
  SINCE JUL 1     MM                        MM     MM       MM
  SNOW DEPTH      MM

DEGREE DAYS
 HEATING
  YESTERDAY        0                         6     -6        2
  MONTH TO DATE   27                        42    -15       20
  SINCE MAR 1   1092                      1022     70     1098
  SINCE JUL 1   4580                      4302    278     4453

 COOLING
  YESTERDAY        2                         1      1        0
  MONTH TO DATE   13                         6      7        6
  SINCE MAR 1     18                        26     -8       18
  SINCE JAN 1     18                        26     -8       18
..................................................................


WIND (MPH)
  HIGHEST WIND SPEED    24   HIGHEST WIND DIRECTION     E (100)
  HIGHEST GUST SPEED    33   HIGHEST GUST DIRECTION     E (100)
  AVERAGE WIND SPEED     9.5


SKY COVER
  POSSIBLE SUNSHINE  MM
  AVERAGE SKY COVER 0.1


WEATHER CONDITIONS
 THE FOLLOWING WEATHER WAS RECORDED YESTERDAY.
  FOG


RELATIVE HUMIDITY (PERCENT)
 HIGHEST    93           400 AM
 LOWEST     53          1200 PM
 AVERAGE    73

..........................................................


THE GEORGETOWN DE CLIMATE NORMALS FOR TODAY
                         NORMAL    RECORD    YEAR
 MAXIMUM TEMPERATURE (F)   71        90      1986
 MINIMUM TEMPERATURE (F)   50        31      1968


SUNRISE AND SUNSET
MAY  7 2015...........SUNRISE   558 AM EDT   SUNSET   759 PM EDT
MAY  8 2015...........SUNRISE   556 AM EDT   SUNSET   800 PM EDT


-  INDICATES NEGATIVE NUMBERS.
R  INDICATES RECORD WAS SET OR TIED.
MM INDICATES DATA IS MISSING.
T  INDICATES TRACE AMOUNT.




$$
