000
CDUS43 KFGF 180641
CLIGFK


CLIMATE REPORT
NATIONAL WEATHER SERVICE EASTERN NORTH DAKOTA/GRAND FORKS
139 AM CDT SAT APR 18 2015


...................................

...THE GRAND FORKS INTL AP ND CLIMATE SUMMARY FOR APRIL 17 2015...

CLIMATE NORMAL PERIOD 1981 TO 2010
CLIMATE RECORD PERIOD 1941 TO 2015


WEATHER ITEM   OBSERVED TIME   RECORD YEAR NORMAL DEPARTURE LAST
                VALUE   (LST)  VALUE       VALUE  FROM      YEAR
                                                  NORMAL
..................................................................
TEMPERATURE (F)
 YESTERDAY
  MAXIMUM         77    325 PM  80    1977  55     22       43
  MINIMUM         27    549 AM  11    1953  31     -4       21
  AVERAGE         52                        43      9       32

PRECIPITATION (IN)
  YESTERDAY        0.00          0.47 1967   0.03  -0.03     0.00
  MONTH TO DATE    0.11                      0.49  -0.38     0.21
  SINCE MAR 1      0.42                      1.45  -1.03     1.14
  SINCE JAN 1      1.24                      2.52  -1.28     2.21

SNOWFALL (IN)
  YESTERDAY        0.0           5.0  1967   0.0    0.0      0.0
  MONTH TO DATE    0.6                       1.8   -1.2      1.1
  SINCE MAR 1      2.7                       9.0   -6.3     14.6
  SINCE JUL 1     17.0                      46.2  -29.2     60.3
  SNOW DEPTH       0

DEGREE DAYS
 HEATING
  YESTERDAY       13                        22     -9       33
  MONTH TO DATE  370                       450    -80      549
  SINCE MAR 1   1417                      1685   -268     2004
  SINCE JUL 1   8334                      8835   -501     9899

 COOLING
  YESTERDAY        0                         0      0        0
  MONTH TO DATE    0                         0      0        0
  SINCE MAR 1      0                         0      0        0
  SINCE JAN 1      0                         0      0        0
..................................................................


WIND (MPH)
  HIGHEST WIND SPEED    28   HIGHEST WIND DIRECTION     N (10)
  HIGHEST GUST SPEED    35   HIGHEST GUST DIRECTION     N (10)
  AVERAGE WIND SPEED    11.4


SKY COVER
  POSSIBLE SUNSHINE  MM
  AVERAGE SKY COVER 0.0


WEATHER CONDITIONS
 THE FOLLOWING WEATHER WAS RECORDED YESTERDAY.
  NO SIGNIFICANT WEATHER WAS OBSERVED.


RELATIVE HUMIDITY (PERCENT)
 HIGHEST    75           600 AM
 LOWEST     13           100 PM
 AVERAGE    44

..........................................................


THE GRAND FORKS INTL AP ND CLIMATE NORMALS FOR TODAY
                         NORMAL    RECORD    YEAR
 MAXIMUM TEMPERATURE (F)   56        89      1987
 MINIMUM TEMPERATURE (F)   31        17      1988
                                             1953


SUNRISE AND SUNSET
APRIL 18 2015.........SUNRISE   634 AM CDT   SUNSET   823 PM CDT
APRIL 19 2015.........SUNRISE   632 AM CDT   SUNSET   824 PM CDT


-  INDICATES NEGATIVE NUMBERS.
R  INDICATES RECORD WAS SET OR TIED.
MM INDICATES DATA IS MISSING.
T  INDICATES TRACE AMOUNT.




$$
