000
CDUS45 KMSO 172232
CLIGPI


CLIMATE REPORT
NATIONAL WEATHER SERVICE MISSOULA, MT
431 PM MDT FRI APR 17 2015


...................................

...THE KALISPELL MT CLIMATE SUMMARY FOR APRIL 17 2015...
VALID TODAY AS OF 0400 PM LOCAL TIME.

CLIMATE NORMAL PERIOD 1981 TO 2010
CLIMATE RECORD PERIOD 1894 TO 2015


WEATHER ITEM   OBSERVED TIME   RECORD YEAR NORMAL DEPARTURE LAST
                VALUE   (LST)  VALUE       VALUE  FROM      YEAR
                                                  NORMAL
..................................................................
TEMPERATURE (F)
 TODAY
  MAXIMUM         67    259 PM  79    1980  57     10       50
  MINIMUM         26    556 AM  16    2013  31     -5       41
                                      1968
  AVERAGE         47                        44      3       46

PRECIPITATION (IN)
  TODAY            0.00          0.42 1987   0.04  -0.04     0.15
  MONTH TO DATE    0.35                      0.68  -0.33     0.34
  SINCE OCT 1     11.62                      8.07   3.55     9.67
  SINCE JAN 1      5.54                      4.07   1.47     5.22

SNOWFALL (IN)
  TODAY            0.0
  MONTH TO DATE    T
  SINCE JAN 1     32.9
  SINCE JUL 1     59.4
  SNOW DEPTH       0

DEGREE DAYS
 HEATING
  TODAY           18                        21     -3       19
  MONTH TO DATE  399                       388     11      383
  SINCE MAR 1   1194                      1307   -113     1338
  SINCE JUL 1   6644                      7159   -515     7272

 COOLING
  TODAY            0                         0      0        0
  MONTH TO DATE    0                         0      0        0
  SINCE MAR 1      0                         0      0        0
  SINCE JAN 1      0                         0      0        0
..................................................................


WIND (MPH)
  HIGHEST WIND SPEED    16   HIGHEST WIND DIRECTION     S (170)
  HIGHEST GUST SPEED    20   HIGHEST GUST DIRECTION     S (170)
  AVERAGE WIND SPEED     4.8


SKY COVER
  POSSIBLE SUNSHINE  MM
  AVERAGE SKY COVER 0.0


WEATHER CONDITIONS
 THE FOLLOWING WEATHER WAS RECORDED TODAY.
  NO SIGNIFICANT WEATHER WAS OBSERVED.


RELATIVE HUMIDITY (PERCENT)
 HIGHEST    92           200 AM
 LOWEST     26           300 PM
 AVERAGE    59

..........................................................


THE KALISPELL MT CLIMATE NORMALS FOR TOMORROW
                         NORMAL    RECORD    YEAR
 MAXIMUM TEMPERATURE (F)   57        85      1936
 MINIMUM TEMPERATURE (F)   31        11      1951


SUNRISE AND SUNSET
APRIL 17 2015.........SUNRISE   644 AM MDT   SUNSET   831 PM MDT
APRIL 18 2015.........SUNRISE   642 AM MDT   SUNSET   832 PM MDT


-  INDICATES NEGATIVE NUMBERS.
R  INDICATES RECORD WAS SET OR TIED.
MM INDICATES DATA IS MISSING.
T  INDICATES TRACE AMOUNT.




$$
