000
CDUS43 KGID 210654
CLIGRI


CLIMATE REPORT
NATIONAL WEATHER SERVICE HASTINGS NE
148 AM CDT TUE APR 21 2015


...................................

...THE GRAND ISLAND NE CLIMATE SUMMARY FOR APRIL 20 2015...

CLIMATE NORMAL PERIOD 1981 TO 2010
CLIMATE RECORD PERIOD 1895 TO 2015


WEATHER ITEM   OBSERVED TIME   RECORD YEAR NORMAL DEPARTURE LAST
                VALUE   (LST)  VALUE       VALUE  FROM      YEAR
                                                  NORMAL
..................................................................
TEMPERATURE (F)
 YESTERDAY
  MAXIMUM         58    337 PM  98    1902  65     -7       80
  MINIMUM         35    627 AM  21    1953  40     -5       51
  AVERAGE         47                        52     -5       66

PRECIPITATION (IN)
  YESTERDAY        0.00          1.40 1951   0.10  -0.10      T
  MONTH TO DATE    1.76                      1.53   0.23     0.96
  SINCE MAR 1      1.92                      3.33  -1.41     1.15
  SINCE JAN 1      3.09                      4.54  -1.45     1.80

SNOWFALL (IN)
  YESTERDAY        0.0           1.0  1941   0.0    0.0      0.0
  MONTH TO DATE    0.8                       1.3   -0.5      1.7
  SINCE MAR 1      1.4                       6.7   -5.3      2.9
  SINCE JUL 1     24.3                      28.8   -4.5     16.4
  6 AM SNOW DEPTH  0

DEGREE DAYS
 HEATING
  YESTERDAY       18                        13      5        0
  MONTH TO DATE  249                       330    -81      308
  SINCE MAR 1    897                      1126   -229     1162
  SINCE JUL 1   5634                      5887   -253     5997

 COOLING
  YESTERDAY        0                         1     -1        1
  MONTH TO DATE    4                         1      3        2
  SINCE MAR 1      4                         1      3        2
  SINCE JAN 1      4                         1      3        2
..................................................................


WIND (MPH)
  HIGHEST WIND SPEED    31   HIGHEST WIND DIRECTION    NW (310)
  HIGHEST GUST SPEED    40   HIGHEST GUST DIRECTION    NW (310)
  AVERAGE WIND SPEED    16.9


SKY COVER
  AVERAGE SKY COVER 0.3


WEATHER CONDITIONS
 THE FOLLOWING WEATHER WAS RECORDED YESTERDAY.
  NO SIGNIFICANT WEATHER WAS OBSERVED.


RELATIVE HUMIDITY (PERCENT)
 HIGHEST    76           300 AM
 LOWEST     24           200 PM
 AVERAGE    50

..........................................................


THE GRAND ISLAND NE CLIMATE NORMALS FOR TODAY
                         NORMAL    RECORD    YEAR
 MAXIMUM TEMPERATURE (F)   65        93      1989
 MINIMUM TEMPERATURE (F)   40        22      1982
                                             1899


SUNRISE AND SUNSET
APRIL 21 2015.........SUNRISE   646 AM CDT   SUNSET   819 PM CDT
APRIL 22 2015.........SUNRISE   644 AM CDT   SUNSET   820 PM CDT


-  INDICATES NEGATIVE NUMBERS.
R  INDICATES RECORD WAS SET OR TIED.
MM INDICATES DATA IS MISSING.
T  INDICATES TRACE AMOUNT.




$$
