000
CDUS43 KGRR 012136
CLIGRR


CLIMATE REPORT
NATIONAL WEATHER SERVICE GRAND RAPIDS, MI
533 PM EDT WED APR 1 2015


...................................

...THE GRAND RAPIDS MI CLIMATE SUMMARY FOR APRIL 1 2015...
VALID TODAY AS OF 0500 PM LOCAL TIME.

CLIMATE NORMAL PERIOD 1981 TO 2010
CLIMATE RECORD PERIOD 1892 TO 2015


WEATHER ITEM   OBSERVED TIME   RECORD YEAR NORMAL DEPARTURE LAST
                VALUE   (LST)  VALUE       VALUE  FROM      YEAR
                                                  NORMAL
..................................................................
TEMPERATURE (F)
 TODAY
  MAXIMUM         65    354 PM  82    2010  52     13       52
  MINIMUM         27    633 AM  13    1954  32     -5       33
  AVERAGE         46                        42      4       43

PRECIPITATION (IN)
  TODAY            0.00          1.34 1929   0.10  -0.10     0.06
  MONTH TO DATE    0.00                      0.10  -0.10     0.06
  SINCE MAR 1      1.05                      2.47  -1.42     1.60
  SINCE JAN 1      4.09                      6.35  -2.26     7.40

SNOWFALL (IN)
  TODAY            0.0           4.8  1972   0.1   -0.1      0.0
  MONTH TO DATE    0.0                       0.1   -0.1      0.0
  SINCE MAR 1      3.2                       8.4   -5.2      6.4
  SINCE JUL 1     78.0                      73.2    4.8    114.2
  SNOW DEPTH       0

DEGREE DAYS
 HEATING
  TODAY           19                        23     -4       22
  MONTH TO DATE   19                        23     -4       22
  SINCE MAR 1   1023                       933     90     1205
  SINCE JUL 1   6325                      5710    615     6486

 COOLING
  TODAY            0                         0      0        0
  MONTH TO DATE    0                         0      0        0
  SINCE MAR 1      0                         1     -1        0
  SINCE JAN 1      0                         1     -1        0
..................................................................


WIND (MPH)
  RESULTANT WIND SPEED   2   RESULTANT WIND DIRECTION   S (170)
  HIGHEST WIND SPEED    15   HIGHEST WIND DIRECTION     W (280)
  HIGHEST GUST SPEED    81   HIGHEST GUST DIRECTION    SW (210)
  AVERAGE WIND SPEED     4.2


SKY COVER
  AVERAGE SKY COVER 0.1


WEATHER CONDITIONS
 THE FOLLOWING WEATHER WAS RECORDED TODAY.
  NO SIGNIFICANT WEATHER WAS OBSERVED.


RELATIVE HUMIDITY (PERCENT)
 HIGHEST    85           600 AM
 LOWEST     34           400 PM
 AVERAGE    60

..........................................................


THE GRAND RAPIDS MI CLIMATE NORMALS FOR TOMORROW
                         NORMAL    RECORD    YEAR
 MAXIMUM TEMPERATURE (F)   52        83      2010
 MINIMUM TEMPERATURE (F)   33        11      1965


SUNRISE AND SUNSET
APRIL  1 2015.........SUNRISE   725 AM EDT   SUNSET   808 PM EDT
APRIL  2 2015.........SUNRISE   723 AM EDT   SUNSET   809 PM EDT


-  INDICATES NEGATIVE NUMBERS.
R  INDICATES RECORD WAS SET OR TIED.
MM INDICATES DATA IS MISSING.
T  INDICATES TRACE AMOUNT.




$$

63
