000
CDUS45 KTFX 251027
CLIGTF


CLIMATE REPORT
NATIONAL WEATHER SERVICE GREAT FALLS MT
426 AM MDT SAT APR 25 2015


...................................

...THE GREAT FALLS MT CLIMATE SUMMARY FOR APRIL 24 2015...

CLIMATE NORMAL PERIOD 1981 TO 2010
CLIMATE RECORD PERIOD 1886 TO 2015


WEATHER ITEM   OBSERVED TIME   RECORD YEAR NORMAL DEPARTURE LAST
                VALUE   (LST)  VALUE       VALUE  FROM      YEAR
                                                  NORMAL
..................................................................
TEMPERATURE (F)
 YESTERDAY
  MAXIMUM         53    225 PM  83    1910  58     -5       57
  MINIMUM         40   1159 PM  11    2009  32      8       32
  AVERAGE         47                        45      2       45

PRECIPITATION (IN)
  YESTERDAY        0.14          0.50 1906   0.05   0.09      T
  MONTH TO DATE    0.89                      1.10  -0.21     1.34
  SINCE OCT 1      5.33                      4.99   0.34     7.12
  SINCE JAN 1      2.38                      2.99  -0.61     5.07

SNOWFALL (IN)
  YESTERDAY        0.0           4.4  1964   0.2   -0.2      0.0
  MONTH TO DATE    0.8                       7.2   -6.4      2.4
  SINCE MAR 1      1.6                      19.1  -17.5     15.2
  SINCE JUL 1     57.9                      59.1   -1.2     72.7
  SNOW DEPTH       0

DEGREE DAYS
 HEATING
  YESTERDAY       18                        20     -2       20
  MONTH TO DATE  525                       547    -22      519
  SINCE MAR 1   1181                      1500   -319     1603
  SINCE JUL 1   6319                      7005   -686     7257

 COOLING
  YESTERDAY        0                         0      0        0
  MONTH TO DATE    0                         0      0        0
  SINCE MAR 1      0                         0      0        0
  SINCE JAN 1      0                         0      0        0
..................................................................


WIND (MPH)
  HIGHEST WIND SPEED    17   HIGHEST WIND DIRECTION     N (350)
  HIGHEST GUST SPEED    20   HIGHEST GUST DIRECTION     S (170)
  AVERAGE WIND SPEED     5.7


SKY COVER
  AVERAGE SKY COVER 1.0


WEATHER CONDITIONS
 THE FOLLOWING WEATHER WAS RECORDED YESTERDAY.
  RAIN
  LIGHT RAIN
  FOG


RELATIVE HUMIDITY (PERCENT)
 HIGHEST    89           700 PM
 LOWEST     42          1200 AM
 AVERAGE    66

..........................................................


THE GREAT FALLS MT CLIMATE NORMALS FOR TODAY
                         NORMAL    RECORD    YEAR
 MAXIMUM TEMPERATURE (F)   59        85      1910
 MINIMUM TEMPERATURE (F)   33        18      1924


SUNRISE AND SUNSET
APRIL 25 2015.........SUNRISE   619 AM MDT   SUNSET   829 PM MDT
APRIL 26 2015.........SUNRISE   617 AM MDT   SUNSET   830 PM MDT


-  INDICATES NEGATIVE NUMBERS.
R  INDICATES RECORD WAS SET OR TIED.
MM INDICATES DATA IS MISSING.
T  INDICATES TRACE AMOUNT.




$$
