000
CDUS44 KAMA 052137
CLIGUY


CLIMATE REPORT
NATIONAL WEATHER SERVICE AMARILLO TX
435 PM CDT TUE MAY 5 2015


...................................

...THE GUYMON CLIMATE SUMMARY FOR MAY 5 2015...
VALID TODAY AS OF 0400 PM LOCAL TIME.

CLIMATE NORMAL PERIOD 1981 TO 2010
CLIMATE RECORD PERIOD 1998 TO 2015


WEATHER ITEM   OBSERVED TIME   RECORD YEAR NORMAL DEPARTURE LAST
                VALUE   (LST)  VALUE       VALUE  FROM      YEAR
                                                  NORMAL
..................................................................
TEMPERATURE (F)
 TODAY
  MAXIMUM         69    325 PM  MM      MM  76     -7       93
  MINIMUM         57    851 AM  MM      MM  47     10       56
  AVERAGE         63                        62      1       75

PRECIPITATION (IN)
  TODAY            0.95         MM      MM   0.07   0.88     0.00
  MONTH TO DATE    1.23                      0.26   0.97     0.00
  SINCE MAR 1      3.70                      3.20   0.50     0.76
  SINCE JAN 1      5.65                      4.07   1.58     1.10

SNOWFALL (IN)
  TODAY            0.0          MM      MM  MM     MM        0.0
  MONTH TO DATE    0.0                      MM     MM        0.0
  SINCE MAR 1      2.0                      MM     MM        3.5
  SINCE JUL 1     23.3                      MM     MM       16.2
  SNOW DEPTH       0

DEGREE DAYS
 HEATING
  TODAY            2                         5     -3        0
  MONTH TO DATE    2                        27    -25       23
  SINCE MAR 1    668                       913   -245      912
  SINCE JUL 1   3885                      4380   -495     4478

 COOLING
  TODAY            0                         2     -2       10
  MONTH TO DATE   17                         6     11       27
  SINCE MAR 1     34                        21     13       55
  SINCE JAN 1     34                        21     13       55
..................................................................


WIND (MPH)
  RESULTANT WIND SPEED   3   RESULTANT WIND DIRECTION   E (110)
  HIGHEST WIND SPEED    25   HIGHEST WIND DIRECTION     S (160)
  HIGHEST GUST SPEED    33   HIGHEST GUST DIRECTION     S (170)
  AVERAGE WIND SPEED     8.3


SKY COVER
  AVERAGE SKY COVER 1.0


WEATHER CONDITIONS
 THE FOLLOWING WEATHER WAS RECORDED TODAY.
  HEAVY RAIN
  RAIN
  LIGHT RAIN
  FOG


RELATIVE HUMIDITY (PERCENT)
 HIGHEST   100           700 AM
 LOWEST     81           300 PM
 AVERAGE    91

..........................................................


THE GUYMON CLIMATE NORMALS FOR TOMORROW
                         NORMAL    RECORD    YEAR
 MAXIMUM TEMPERATURE (F)   77        MM        MM
 MINIMUM TEMPERATURE (F)   47        MM        MM


SUNRISE AND SUNSET
MAY  5 2015...........SUNRISE   648 AM CDT   SUNSET   838 PM CDT
MAY  6 2015...........SUNRISE   647 AM CDT   SUNSET   839 PM CDT


-  INDICATES NEGATIVE NUMBERS.
R  INDICATES RECORD WAS SET OR TIED.
MM INDICATES DATA IS MISSING.
T  INDICATES TRACE AMOUNT.




$$
