000
CDUS41 KGYX 060805
CLIGYX


CLIMATE REPORT
NATIONAL WEATHER SERVICE GRAY ME
405 AM EDT WED MAY 6 2015


...................................

...THE GRAY ME CLIMATE SUMMARY FOR MAY 5 2015...

CLIMATE NORMAL PERIOD 1981 TO 2010
CLIMATE RECORD PERIOD 1995 TO 2015


WEATHER ITEM   OBSERVED TIME   RECORD YEAR NORMAL DEPARTURE LAST
                VALUE   (LST)  VALUE       VALUE  FROM      YEAR
                                                  NORMAL
..................................................................
TEMPERATURE (F)
 YESTERDAY
  MAXIMUM         73        MM  MM      MM  62     11       61
  MINIMUM         57        MM  MM      MM  42     15       42
  AVERAGE         65                        52     13       52

PRECIPITATION (IN)
  YESTERDAY        0.00         MM      MM   0.13  -0.13     0.00
  MONTH TO DATE    0.00                      0.63  -0.63     1.01
  SINCE MAR 1      5.01                      9.18  -4.17     7.90
  SINCE JAN 1     10.98                     16.02  -5.04    14.89

SNOWFALL (IN)
  YESTERDAY        0.0          MM      MM   0.0    0.0      0.0
  MONTH TO DATE    0.0                       0.1   -0.1      0.0
  SINCE MAR 1      8.2                      24.8  -16.6      8.9
  SINCE JUL 1    107.3                      83.9   23.4     83.0
  SNOW DEPTH       0

DEGREE DAYS
 HEATING
  YESTERDAY        0                        13    -13       13
  MONTH TO DATE   56                        70    -14       69
  SINCE MAR 1   1834                      1687    147     1961
  SINCE JUL 1   7310                      6845    465     7371

 COOLING
  YESTERDAY        0                         0      0        0
  MONTH TO DATE    0                         0      0        0
  SINCE MAR 1      0                         1     -1        0
  SINCE JAN 1      0                         1     -1        0
..................................................................







THE GRAY ME CLIMATE NORMALS FOR TODAY
                         NORMAL
 MAXIMUM TEMPERATURE (F)   62
 MINIMUM TEMPERATURE (F)   42


SUNRISE AND SUNSET
MAY  6 2015...........SUNRISE   526 AM EDT   SUNSET   750 PM EDT
MAY  7 2015...........SUNRISE   525 AM EDT   SUNSET   751 PM EDT


-  INDICATES NEGATIVE NUMBERS.
R  INDICATES RECORD WAS SET OR TIED.
MM INDICATES DATA IS MISSING.
T  INDICATES TRACE AMOUNT.




$$
