000
CDUS44 KJAN 250639
CLIHBG


CLIMATE REPORT
NATIONAL WEATHER SERVICE JACKSON MS
136 AM CDT SAT APR 25 2015


...................................

...THE HATTIESBURG CLIMATE SUMMARY FOR APRIL 24 2015...

CLIMATE NORMAL PERIOD 1981 TO 2010
CLIMATE RECORD PERIOD 1948 TO 2015


WEATHER ITEM   OBSERVED TIME   RECORD YEAR NORMAL DEPARTURE LAST
                VALUE   (LST)  VALUE       VALUE  FROM      YEAR
                                                  NORMAL
..................................................................
TEMPERATURE (F)
 YESTERDAY
  MAXIMUM         75    731 PM  90    1958  80     -5       85
                                      1955
  MINIMUM         60    600 AM  39    2012  55      5       57
  AVERAGE         68                        68      0       71

PRECIPITATION (IN)
  YESTERDAY        T             2.15 1979   0.16  -0.16     0.00
  MONTH TO DATE    2.97                      4.15  -1.18     4.53
  SINCE MAR 1      8.68                      9.65  -0.97    10.90
  SINCE JAN 1     16.51                     20.78  -4.27    20.80

SNOWFALL (IN)
  YESTERDAY        0.0

DEGREE DAYS
 HEATING
  YESTERDAY        0                         1     -1        0
  MONTH TO DATE   12                        77    -65       70
  SINCE MAR 1    128                       294   -166      342
  SINCE JUL 1   1909                      1972    -63     2265

 COOLING
  YESTERDAY        3                         4     -1        6
  MONTH TO DATE  162                        65     97       45
  SINCE MAR 1    254                        98    156       54
  SINCE JAN 1    260                       113    147       71
..................................................................


WIND (MPH)
  HIGHEST WIND SPEED    15   HIGHEST WIND DIRECTION    SE (140)
  HIGHEST GUST SPEED    19   HIGHEST GUST DIRECTION    SE (150)
  AVERAGE WIND SPEED     5.3


SKY COVER
  POSSIBLE SUNSHINE  MM
  AVERAGE SKY COVER 0.3


WEATHER CONDITIONS
 THE FOLLOWING WEATHER WAS RECORDED YESTERDAY.
  LIGHT RAIN


RELATIVE HUMIDITY (PERCENT)
 HIGHEST    93          1200 AM
 LOWEST     57          1100 AM
 AVERAGE    75

..........................................................


THE HATTIESBURG CLIMATE NORMALS FOR TODAY
                         NORMAL    RECORD    YEAR
 MAXIMUM TEMPERATURE (F)   80        92      1999
 MINIMUM TEMPERATURE (F)   55        40      1969


SUNRISE AND SUNSET
APRIL 25 2015.........SUNRISE   618 AM CDT   SUNSET   732 PM CDT
APRIL 26 2015.........SUNRISE   617 AM CDT   SUNSET   733 PM CDT


-  INDICATES NEGATIVE NUMBERS.
R  INDICATES RECORD WAS SET OR TIED.
MM INDICATES DATA IS MISSING.
T  INDICATES TRACE AMOUNT.




$$
