000
CDUS46 KHNX 210821
CLIHJO


CLIMATE REPORT
NATIONAL WEATHER SERVICE SAN JOAQUIN VALLEY, CA
121 AM PDT TUE APR 21 2015


...................................

...THE HANFORD CA CLIMATE SUMMARY FOR APRIL 20 2015...

CLIMATE NORMAL PERIOD 1981 TO 2010
CLIMATE RECORD PERIOD 1998 TO 2015


WEATHER ITEM   OBSERVED TIME   RECORD YEAR NORMAL DEPARTURE
                VALUE   (LST)  VALUE       VALUE  FROM
                                                  NORMAL
...............................................................
TEMPERATURE (F)
 YESTERDAY
  MAXIMUM         91    336 PM  97    2009  76     15
  MINIMUM         59    246 AM  38    2007  47     12
  AVERAGE         75                        62     13

PRECIPITATION (IN)
  YESTERDAY        0.00          0.64 2010   0.03  -0.03
  MONTH TO DATE    0.70                      0.52   0.18
  SINCE OCT 1      4.75                      9.05  -4.30
  SINCE JAN 1      1.63                      5.92  -4.29

SNOWFALL (IN)
  YESTERDAY        0.0
  MONTH TO DATE    0.0
  SINCE MAR 1      0.0
  SINCE JUL 1      0.0
  SNOW DEPTH       0

DEGREE DAYS
 HEATING
  YESTERDAY        0
  MONTH TO DATE   55
  SINCE MAR 1    145
  SINCE JUL 1   1687

 COOLING
  YESTERDAY       10
  MONTH TO DATE   37
  SINCE MAR 1     95
  SINCE JAN 1     95
...............................................................


WIND (MPH)
  HIGHEST WIND SPEED    20   HIGHEST WIND DIRECTION    NW (320)
  HIGHEST GUST SPEED    24   HIGHEST GUST DIRECTION    NW (320)
  AVERAGE WIND SPEED     8.6




RELATIVE HUMIDITY (PERCENT)
 HIGHEST    69
 LOWEST     21
 AVERAGE    45

..........................................................


THE HANFORD CA CLIMATE NORMALS FOR TODAY
                         NORMAL    RECORD    YEAR
 MAXIMUM TEMPERATURE (F)   77        97      2009
 MINIMUM TEMPERATURE (F)   48        38      2004


SUNRISE AND SUNSET
APRIL 21 2015.........SUNRISE   618 AM PDT   SUNSET   738 PM PDT
APRIL 22 2015.........SUNRISE   616 AM PDT   SUNSET   738 PM PDT


-  INDICATES NEGATIVE NUMBERS.
R  INDICATES RECORD WAS SET OR TIED.
MM INDICATES DATA IS MISSING.
T  INDICATES TRACE AMOUNT.




$$
