000
CDUS44 KBRO 210628
CLIHRL


CLIMATE REPORT
NATIONAL WEATHER SERVICE BROWNSVILLE TX
127 AM CDT TUE APR 21 2015


...................................

...THE HARLINGEN CLIMATE SUMMARY FOR APRIL 20 2015...

CLIMATE NORMAL PERIOD 1981 TO 2010
CLIMATE RECORD PERIOD 1912 TO 2015


WEATHER ITEM   OBSERVED TIME   RECORD YEAR NORMAL DEPARTURE LAST
                VALUE   (LST)  VALUE       VALUE  FROM      YEAR
                                                  NORMAL
..................................................................
TEMPERATURE (F)
 YESTERDAY
  MAXIMUM         77   1230 AM  97    1951  87    -10       83
  MINIMUM         67   1159 PM  46    2013  66      1       66
  AVERAGE         72                        76     -4       75

PRECIPITATION (IN)
  YESTERDAY        T             1.04 2012   0.05  -0.05     0.00
  MONTH TO DATE    3.20                      1.16   2.04     0.17
  SINCE MAR 1      6.26                      2.45   3.81     1.95
  SINCE JAN 1      9.18                      4.92   4.26     2.95

SNOWFALL (IN)
  YESTERDAY        0.0
  MONTH TO DATE    0.0
  SINCE MAR 1      0.0
  SINCE JUL 1      0.0

DEGREE DAYS
 HEATING
  YESTERDAY        0                         0      0        0
  MONTH TO DATE    0                         7     -7       12
  SINCE MAR 1     74                        53     21      119
  SINCE JUL 1    767                       621    146      930

 COOLING
  YESTERDAY        7                        11     -4       10
  MONTH TO DATE  254                       195     59      145
  SINCE MAR 1    375                       365     10      257
  SINCE JAN 1    434                       490    -56      368
..................................................................


WIND (MPH)
  HIGHEST WIND SPEED    29   HIGHEST WIND DIRECTION    NE (40)
  HIGHEST GUST SPEED    36   HIGHEST GUST DIRECTION    NE (50)
  AVERAGE WIND SPEED    11.3



WEATHER CONDITIONS
 THE FOLLOWING WEATHER WAS RECORDED YESTERDAY.
  LIGHT RAIN
  FOG
  FOG W/VISIBILITY <= 1/4 MILE


RELATIVE HUMIDITY (PERCENT)
 HIGHEST   100
 LOWEST     64
 AVERAGE    82

..........................................................


THE HARLINGEN CLIMATE NORMALS FOR TODAY
                         NORMAL    RECORD    YEAR
 MAXIMUM TEMPERATURE (F)   87       102      1928
 MINIMUM TEMPERATURE (F)   66        53      1980


SUNRISE AND SUNSET
APRIL 21 2015.........SUNRISE   702 AM CDT   SUNSET   757 PM CDT
APRIL 22 2015.........SUNRISE   701 AM CDT   SUNSET   758 PM CDT


-  INDICATES NEGATIVE NUMBERS.
R  INDICATES RECORD WAS SET OR TIED.
MM INDICATES DATA IS MISSING.
T  INDICATES TRACE AMOUNT.




$$
