000
CDUS43 KGID 250722
CLIHSI


CLIMATE REPORT
NATIONAL WEATHER SERVICE HASTINGS NE
221 AM CDT SAT APR 25 2015


...................................

...THE HASTINGS NE CLIMATE SUMMARY FOR APRIL 24 2015...

CLIMATE NORMAL PERIOD 1981 TO 2010
CLIMATE RECORD PERIOD 1894 TO 2015


WEATHER ITEM   OBSERVED TIME   RECORD YEAR NORMAL DEPARTURE LAST
                VALUE   (LST)  VALUE       VALUE  FROM      YEAR
                                                  NORMAL
..................................................................
TEMPERATURE (F)
 YESTERDAY
  MAXIMUM         64    113 PM  94    2012  66     -2       70
  MINIMUM         51    456 AM  21    1956  42      9       50
  AVERAGE         58                        54      4       60

PRECIPITATION (IN)
  YESTERDAY        0.50          2.57 2007   0.10   0.40     0.39
  MONTH TO DATE    2.62                      1.85   0.77     3.56
  SINCE MAR 1      2.82                      3.64  -0.82     3.71
  SINCE JAN 1      3.93                      4.54  -0.61     4.42

SNOWFALL (IN)
  YESTERDAY        0.0           3.0  1931   0.0    0.0      0.0
  MONTH TO DATE    T                         1.1   -1.1      2.2
  SINCE MAR 1      0.8                       6.3   -5.5      3.4
  SINCE JUL 1     17.0                      28.7  -11.7     21.7
  SNOW DEPTH       0

DEGREE DAYS
 HEATING
  YESTERDAY        7                        12     -5        5
  MONTH TO DATE  293                       370    -77      329
  SINCE MAR 1    927                      1147   -220     1188
  SINCE JUL 1   5550                      5777   -227     6068

 COOLING
  YESTERDAY        0                         0      0        0
  MONTH TO DATE    4                         0      4        6
  SINCE MAR 1      4                         0      4        6
  SINCE JAN 1      4                         0      4        6
..................................................................


WIND (MPH)
  HIGHEST WIND SPEED    17   HIGHEST WIND DIRECTION    SE (150)
  HIGHEST GUST SPEED    22   HIGHEST GUST DIRECTION     S (180)
  AVERAGE WIND SPEED     8.7


SKY COVER
  AVERAGE SKY COVER 0.9


WEATHER CONDITIONS
 THE FOLLOWING WEATHER WAS RECORDED YESTERDAY.
  THUNDERSTORM
  HEAVY RAIN
  FOG


RELATIVE HUMIDITY (PERCENT)
 HIGHEST   100           900 AM
 LOWEST     66          1200 AM
 AVERAGE    83

..........................................................


THE HASTINGS NE CLIMATE NORMALS FOR TODAY
                         NORMAL    RECORD    YEAR
 MAXIMUM TEMPERATURE (F)   66        92      1989
 MINIMUM TEMPERATURE (F)   42        28      1918


SUNRISE AND SUNSET
APRIL 25 2015.........SUNRISE   641 AM CDT   SUNSET   823 PM CDT
APRIL 26 2015.........SUNRISE   639 AM CDT   SUNSET   824 PM CDT


-  INDICATES NEGATIVE NUMBERS.
R  INDICATES RECORD WAS SET OR TIED.
MM INDICATES DATA IS MISSING.
T  INDICATES TRACE AMOUNT.




$$
