000
CDUS44 KHUN 050709
CLIHSV


CLIMATE REPORT
NATIONAL WEATHER SERVICE HUNTSVILLE AL
208 AM CDT TUE MAY 5 2015


...................................

...THE HUNTSVILLE CLIMATE SUMMARY FOR MAY 4 2015...

CLIMATE NORMAL PERIOD 1981 TO 2010
CLIMATE RECORD PERIOD 1894 TO 2015


WEATHER ITEM   OBSERVED TIME   RECORD YEAR NORMAL DEPARTURE LAST
                VALUE   (LST)  VALUE       VALUE  FROM      YEAR
                                                  NORMAL
..................................................................
TEMPERATURE (F)
 YESTERDAY
  MAXIMUM         84    426 PM  90    1930  78      6       88
                                      1913
  MINIMUM         56    522 AM  36    1971  56      0       53
  AVERAGE         70                        67      3       71

PRECIPITATION (IN)
  YESTERDAY        0.00          2.11 2013   0.17  -0.17     0.00
  MONTH TO DATE    0.00                      0.70  -0.70     0.00
  SINCE MAR 1     12.56                     10.23   2.33    10.80
  SINCE JAN 1     20.30                     19.96   0.34    20.67

SNOWFALL (IN)
  YESTERDAY        0.0
  MONTH TO DATE    0.0
  SINCE MAR 1      1.0
  SINCE JUL 1      9.8
  SNOW DEPTH       0

DEGREE DAYS
 HEATING
  YESTERDAY        0                         2     -2        0
  MONTH TO DATE    8                         8      0       14
  SINCE MAR 1    383                       530   -147      604
  SINCE JUL 1   3024                      2982     42     3439

 COOLING
  YESTERDAY        5                         4      1        6
  MONTH TO DATE    7                        14     -7        6
  SINCE MAR 1     70                        85    -15       48
  SINCE JAN 1     70                        86    -16       49
..................................................................


WIND (MPH)
  HIGHEST WIND SPEED    10   HIGHEST WIND DIRECTION     S (190)
  HIGHEST GUST SPEED    13   HIGHEST GUST DIRECTION     S (160)
  AVERAGE WIND SPEED     4.9


SKY COVER
  POSSIBLE SUNSHINE  MM
  AVERAGE SKY COVER 0.2


WEATHER CONDITIONS
 THE FOLLOWING WEATHER WAS RECORDED YESTERDAY.
  NO SIGNIFICANT WEATHER WAS OBSERVED.


RELATIVE HUMIDITY (PERCENT)
 HIGHEST    80           300 AM
 LOWEST     27           400 PM
 AVERAGE    54

..........................................................


THE HUNTSVILLE CLIMATE NORMALS FOR TODAY
                         NORMAL    RECORD    YEAR
 MAXIMUM TEMPERATURE (F)   79        94      1959
 MINIMUM TEMPERATURE (F)   56        36      1957
                                             1945


SUNRISE AND SUNSET
MAY  5 2015...........SUNRISE   553 AM CDT   SUNSET   735 PM CDT
MAY  6 2015...........SUNRISE   552 AM CDT   SUNSET   736 PM CDT


-  INDICATES NEGATIVE NUMBERS.
R  INDICATES RECORD WAS SET OR TIED.
MM INDICATES DATA IS MISSING.
T  INDICATES TRACE AMOUNT.




$$
