000
CDUS45 KTFX 052218
CLIHVR


CLIMATE REPORT
NATIONAL WEATHER SERVICE GREAT FALLS MT
418 PM MDT TUE MAY 5 2015


...................................

...THE HAVRE MT CLIMATE SUMMARY FOR MAY 5 2015...
VALID TODAY AS OF 0400 PM LOCAL TIME.

CLIMATE NORMAL PERIOD 1981 TO 2010
CLIMATE RECORD PERIOD 1880 TO 2015


WEATHER ITEM   OBSERVED TIME   RECORD YEAR NORMAL DEPARTURE LAST
                VALUE   (LST)  VALUE       VALUE  FROM      YEAR
                                                  NORMAL
..................................................................
TEMPERATURE (F)
 TODAY
  MAXIMUM         79    227 PM  91    1911  65     14       60
  MINIMUM         38    216 AM  24    1967  36      2       37
  AVERAGE         59                        50      9       49

PRECIPITATION (IN)
  TODAY            0.00          0.57 2002   0.04  -0.04     0.00
                                      1940
  MONTH TO DATE    0.00                      0.21  -0.21     0.35
  SINCE OCT 1      4.06                      3.61   0.45     5.08
  SINCE JAN 1      2.49                      2.20   0.29     3.07

SNOWFALL (IN)
  TODAY            0.0           1.0  2010   0.1   -0.1      0.0
  MONTH TO DATE    0.0                       0.3   -0.3      0.0
  SINCE MAR 1      0.2                       9.6   -9.4      7.0
  SINCE JUL 1     20.8                      37.5  -16.7     44.4
  SNOW DEPTH       0

DEGREE DAYS
 HEATING
  TODAY            6                        15     -9       16
  MONTH TO DATE   52                        77    -25       89
  SINCE MAR 1   1392                      1694   -302     1861
  SINCE JUL 1   7060                      7814   -754     8102

 COOLING
  TODAY            0                         0      0        0
  MONTH TO DATE    0                         0      0        0
  SINCE MAR 1      0                         1     -1        0
  SINCE JAN 1      0                         1     -1        0
..................................................................


WIND (MPH)
  HIGHEST WIND SPEED    10   HIGHEST WIND DIRECTION    SE (150)
  HIGHEST GUST SPEED    14   HIGHEST GUST DIRECTION     W (250)
  AVERAGE WIND SPEED     4.0


SKY COVER
  AVERAGE SKY COVER 0.0


WEATHER CONDITIONS
 THE FOLLOWING WEATHER WAS RECORDED TODAY.
  NO SIGNIFICANT WEATHER WAS OBSERVED.


RELATIVE HUMIDITY (PERCENT)
 HIGHEST    82           400 AM
 LOWEST     22           200 PM
 AVERAGE    52

..........................................................


THE HAVRE MT CLIMATE NORMALS FOR TOMORROW
                         NORMAL    RECORD    YEAR
 MAXIMUM TEMPERATURE (F)   65        92      1928
                                             1891
 MINIMUM TEMPERATURE (F)   37        24      1929
                                             1892


SUNRISE AND SUNSET
MAY  5 2015...........SUNRISE   553 AM MDT   SUNSET   839 PM MDT
MAY  6 2015...........SUNRISE   552 AM MDT   SUNSET   841 PM MDT


-  INDICATES NEGATIVE NUMBERS.
R  INDICATES RECORD WAS SET OR TIED.
MM INDICATES DATA IS MISSING.
T  INDICATES TRACE AMOUNT.




$$
