000
CDUS43 KUNR 180832
CLIICR


CLIMATE REPORT
NATIONAL WEATHER SERVICE RAPID CITY SD
231 AM MDT SAT APR 18 2015


...................................

...THE WINNER REGIONAL AIRPORT SD CLIMATE SUMMARY FOR APRIL 17 2015...

CLIMATE NORMAL PERIOD 1981 TO 2010
CLIMATE RECORD PERIOD 9999 TO 9999


WEATHER ITEM   OBSERVED TIME   NORMAL DEPARTURE LAST
                VALUE   (LST)  VALUE  FROM      YEAR
                                      NORMAL
......................................................
TEMPERATURE (F)
 YESTERDAY
  MAXIMUM         70   1258 PM  60     10       49
  MINIMUM         42    645 AM  37      5       19
  AVERAGE         56            48      8       34

PRECIPITATION (IN)
  YESTERDAY        0.03          0.09  -0.06      T
  MONTH TO DATE    0.41          1.19  -0.78     0.14
  SINCE MAR 1      0.52          2.57  -2.05     0.18
  SINCE JAN 1      0.61          3.33  -2.72     0.26

DEGREE DAYS
 HEATING
  YESTERDAY        9            17     -8       31
  MONTH TO DATE  234           333    -99      358
  SINCE MAR 1    859          1209   -350     1308
  SINCE JUL 1   5619          6218   -599     6641

 COOLING
  YESTERDAY        0             0      0        0
  MONTH TO DATE    0             0      0        2
  SINCE MAR 1      6             0      6        2
  SINCE JAN 1      6             0      6        2
......................................................


WIND (MPH)
  HIGHEST WIND SPEED    17   HIGHEST WIND DIRECTION    NE (60)
  HIGHEST GUST SPEED    21   HIGHEST GUST DIRECTION    NE (40)
  AVERAGE WIND SPEED     7.1


SKY COVER
  AVERAGE SKY COVER 0.5


WEATHER CONDITIONS
 THE FOLLOWING WEATHER WAS RECORDED YESTERDAY.
  LIGHT RAIN


RELATIVE HUMIDITY (PERCENT)
 HIGHEST    86           700 PM
 LOWEST     33           100 PM
 AVERAGE    60

..........................................................




SUNRISE AND SUNSET
APRIL 18 2015.........SUNRISE   652 AM CDT   SUNSET   826 PM CDT
APRIL 19 2015.........SUNRISE   651 AM CDT   SUNSET   827 PM CDT


-  INDICATES NEGATIVE NUMBERS.
R  INDICATES RECORD WAS SET OR TIED.
MM INDICATES DATA IS MISSING.
T  INDICATES TRACE AMOUNT.




$$
