000
CDUS43 KUNR 180832
CLIIEN


CLIMATE REPORT
NATIONAL WEATHER SERVICE RAPID CITY SD
231 AM MDT SAT APR 18 2015


...................................

...THE PINE RIDGE SD CLIMATE SUMMARY FOR APRIL 17 2015...

CLIMATE NORMAL PERIOD 1981 TO 2010
CLIMATE RECORD PERIOD 9999 TO 9999


WEATHER ITEM   OBSERVED TIME   NORMAL DEPARTURE LAST
                VALUE   (LST)  VALUE  FROM      YEAR
                                      NORMAL
......................................................
TEMPERATURE (F)
 YESTERDAY
  MAXIMUM         50    246 PM  60    -10       52
  MINIMUM         43    201 AM  32     11       30
  AVERAGE         47            46      1       41

PRECIPITATION (IN)
  YESTERDAY        0.55          0.08   0.47      T
  MONTH TO DATE    1.10          0.97   0.13     0.78
  SINCE MAR 1      1.28          1.84  -0.56     1.12
  SINCE JAN 1      1.74          2.63  -0.89     1.39

DEGREE DAYS
 HEATING
  YESTERDAY       18            19     -1       24
  MONTH TO DATE  356           362     -6      438
  SINCE MAR 1   1063          1250   -187     1371
  SINCE JUL 1   6273          6600   -327     6853

 COOLING
  YESTERDAY        0             0      0        0
  MONTH TO DATE    0             0      0        0
  SINCE MAR 1      0             0      0        0
  SINCE JAN 1      0             0      0        0
......................................................


WIND (MPH)
  HIGHEST WIND SPEED    23   HIGHEST WIND DIRECTION    NE (60)
  HIGHEST GUST SPEED    30   HIGHEST GUST DIRECTION    NE (50)
  AVERAGE WIND SPEED     8.4


SKY COVER
  AVERAGE SKY COVER 1.0


WEATHER CONDITIONS
 THE FOLLOWING WEATHER WAS RECORDED YESTERDAY.
  RAIN
  LIGHT RAIN
  FOG


RELATIVE HUMIDITY (PERCENT)
 HIGHEST    86           400 PM
 LOWEST     61           800 AM
 AVERAGE    74

..........................................................




SUNRISE AND SUNSET
APRIL 18 2015.........SUNRISE   604 AM MDT   SUNSET   736 PM MDT
APRIL 19 2015.........SUNRISE   602 AM MDT   SUNSET   737 PM MDT


-  INDICATES NEGATIVE NUMBERS.
R  INDICATES RECORD WAS SET OR TIED.
MM INDICATES DATA IS MISSING.
T  INDICATES TRACE AMOUNT.




$$
