000
CDUS42 KILM 192043
CLIILM


CLIMATE REPORT
NATIONAL WEATHER SERVICE WILMINGTON NC
443 PM EDT SUN APR 19 2015


...................................

...THE WILMINGTON NC CLIMATE SUMMARY FOR APRIL 19 2015...
VALID TODAY AS OF 0400 PM LOCAL TIME.

CLIMATE NORMAL PERIOD 1981 TO 2010
CLIMATE RECORD PERIOD 1871 TO 2015


WEATHER ITEM   OBSERVED TIME   RECORD YEAR NORMAL DEPARTURE LAST
                VALUE   (LST)  VALUE       VALUE  FROM      YEAR
                                                  NORMAL
..................................................................
TEMPERATURE (F)
 TODAY
  MAXIMUM         74   1048 AM  89    1968  75     -1       59
                                      1958
  MINIMUM         63   1209 AM  28    1875  53     10       51
  AVERAGE         69                        64      5       55

PRECIPITATION (IN)
  TODAY            0.07          3.32 1951   0.09  -0.02     3.16
  MONTH TO DATE    1.56                      1.78  -0.22     4.28
  SINCE MAR 1      4.99                      5.99  -1.00    10.67
  SINCE JAN 1     14.31                     13.37   0.94    16.13

SNOWFALL (IN)
  TODAY            0.0          MM      MM   0.0    0.0      0.0
  MONTH TO DATE    0.0                       0.0    0.0      0.0
  SINCE MAR 1      0.0                       0.2   -0.2      0.0
  SINCE JUL 1      0.3                       1.7   -1.4      1.0
  SNOW DEPTH       0

DEGREE DAYS
 HEATING
  TODAY            0                         4     -4       10
  MONTH TO DATE   51                       101    -50       68
  SINCE MAR 1    364                       424    -60      481
  SINCE JUL 1   2547                      2353    194     2415

 COOLING
  TODAY            4                         2      2        0
  MONTH TO DATE   50                        32     18       58
  SINCE MAR 1     70                        48     22       60
  SINCE JAN 1     76                        53     23       65
..................................................................


WIND (MPH)
  HIGHEST WIND SPEED    18   HIGHEST WIND DIRECTION     E (70)
  HIGHEST GUST SPEED    25   HIGHEST GUST DIRECTION    NE (60)
  AVERAGE WIND SPEED     5.1


SKY COVER
  POSSIBLE SUNSHINE  MM
  AVERAGE SKY COVER 0.7


WEATHER CONDITIONS
 THE FOLLOWING WEATHER WAS RECORDED TODAY.
  RAIN
  LIGHT RAIN
  FOG


RELATIVE HUMIDITY (PERCENT)
 HIGHEST    97           300 PM
 LOWEST     73           900 AM
 AVERAGE    85

..........................................................


THE WILMINGTON NC CLIMATE NORMALS FOR TOMORROW
                         NORMAL    RECORD    YEAR
 MAXIMUM TEMPERATURE (F)   75        91      1995
 MINIMUM TEMPERATURE (F)   53        30      1983


SUNRISE AND SUNSET
APRIL 19 2015.........SUNRISE   636 AM EDT   SUNSET   746 PM EDT
APRIL 20 2015.........SUNRISE   635 AM EDT   SUNSET   747 PM EDT


-  INDICATES NEGATIVE NUMBERS.
R  INDICATES RECORD WAS SET OR TIED.
MM INDICATES DATA IS MISSING.
T  INDICATES TRACE AMOUNT.




$$
