000
CDUS43 KILX 191245
CLIILX


CLIMATE REPORT
NATIONAL WEATHER SERVICE LINCOLN IL
745 AM CDT SUN APR 19 2015


...................................

...THE LINCOLN IL CLIMATE SUMMARY FOR APRIL 18 2015...

CLIMATE NORMAL PERIOD 1981 TO 2010
CLIMATE RECORD PERIOD 1905 TO 2015


WEATHER ITEM   OBSERVED TIME   RECORD YEAR NORMAL DEPARTURE LAST
                VALUE   (LST)  VALUE       VALUE  FROM      YEAR
                                                  NORMAL
..................................................................
TEMPERATURE (F)
 YESTERDAY
  MAXIMUM         MM        MM  89    2002  65     MM       68
  MINIMUM         MM        MM  25    1990  42     MM       39
  AVERAGE         MM                        53     MM       54

PRECIPITATION (IN)
  YESTERDAY       MM             1.61 2013   0.12  MM        0.00
  MONTH TO DATE    0.60                      2.04  -1.44     2.02
  SINCE MAR 1      2.15                      4.64  -2.49     3.91
  SINCE JAN 1      4.91                      8.39  -3.48     8.57

SNOWFALL (IN)
  YESTERDAY       MM             0.5  1910   0.0   MM        0.0
  MONTH TO DATE    0.0                       0.3   -0.3       T
  SINCE MAR 1      3.7                       2.0    1.7      4.7
  SINCE JUL 1     21.9                      20.5    1.4     46.3
  SNOW DEPTH      MM

DEGREE DAYS
 HEATING
  YESTERDAY       MM                        12     MM       11
  MONTH TO DATE  128                       273   -145      280
  SINCE MAR 1    953                      1014    -61     1212
  SINCE JUL 1   5890                      5437    453     6456

 COOLING
  YESTERDAY       MM                         1     MM        0
  MONTH TO DATE    0                         1     -1        1
  SINCE MAR 1      0                         3     -3        1
  SINCE JAN 1      0                         3     -3        1
..................................................................


WIND (MPH)
  HIGHEST WIND SPEED    MM   HIGHEST WIND DIRECTION    MM
  HIGHEST GUST SPEED    MM   HIGHEST GUST DIRECTION    MM
  AVERAGE WIND SPEED    MM


SKY COVER
  POSSIBLE SUNSHINE  MM


WEATHER CONDITIONS
 THE FOLLOWING WEATHER WAS RECORDED YESTERDAY.
  NO SIGNIFICANT WEATHER WAS OBSERVED.


..........................................................


THE LINCOLN IL CLIMATE NORMALS FOR TODAY
                         NORMAL    RECORD    YEAR
 MAXIMUM TEMPERATURE (F)   65        86      2002
 MINIMUM TEMPERATURE (F)   42        22      1926


SUNRISE AND SUNSET
APRIL 19 2015.........SUNRISE   614 AM CDT   SUNSET   740 PM CDT
APRIL 20 2015.........SUNRISE   612 AM CDT   SUNSET   741 PM CDT


-  INDICATES NEGATIVE NUMBERS.
R  INDICATES RECORD WAS SET OR TIED.
MM INDICATES DATA IS MISSING.
T  INDICATES TRACE AMOUNT.




$$
