000
CDUS43 KGLD 050743 RRA
CLIITR

CLIMATE REPORT
NATIONAL WEATHER SERVICE GOODLAND
142 AM MDT TUE MAY 5 2015

...................................

...THE BURLINGTON CO CLIMATE SUMMARY FOR MAY 4 2015...

CLIMATE NORMAL PERIOD 1981 TO 2010
CLIMATE RECORD PERIOD 1896 TO 2015

WEATHER ITEM   OBSERVED TIME   RECORD YEAR NORMAL DEPARTURE LAST
                VALUE   (LST)  VALUE       VALUE  FROM      YEAR
                                                  NORMAL
..................................................................
TEMPERATURE (F)
 YESTERDAY
  MAXIMUM         64    259 PM  92    1963  68     -4       90
  MINIMUM         48   1147 PM  27    2013  40      8       42
  AVERAGE         56                        54      2       66

PRECIPITATION (IN)
  YESTERDAY        0.16                      0.09   0.07     0.00
  MONTH TO DATE    0.30                      0.33  -0.03     0.00
  SINCE MAR 1      2.98                      2.68   0.30     0.64
  SINCE JAN 1      4.12                      3.48   0.64     1.34

..................................................................

THE BURLINGTON CO CLIMATE NORMALS FOR TODAY
                         NORMAL    RECORD    YEAR
 MAXIMUM TEMPERATURE (F)   69        92      1936
 MINIMUM TEMPERATURE (F)   40        26      2013
                                             1944


-  INDICATES NEGATIVE NUMBERS.
R  INDICATES RECORD WAS SET OR TIED.
MM INDICATES DATA IS MISSING.
T  INDICATES TRACE AMOUNT.

$$
