000
CDUS45 KCYS 260732
CLILAR


CLIMATE REPORT
NATIONAL WEATHER SERVICE CHEYENNE WY
131 AM MDT SUN APR 26 2015


...................................

...THE LARAMIE WY AIRPORT CLIMATE SUMMARY FOR APRIL 25 2015...

CLIMATE NORMAL PERIOD 1981 TO 2010
CLIMATE RECORD PERIOD 1948 TO 2015


WEATHER ITEM   OBSERVED TIME   RECORD YEAR NORMAL DEPARTURE LAST
                VALUE   (LST)  VALUE       VALUE  FROM      YEAR
                                                  NORMAL
..................................................................
TEMPERATURE (F)
 YESTERDAY
  MAXIMUM         53    422 PM  72    1981  54     -1       62
                                      1975
  MINIMUM         31    316 AM  12    1950  27      4       31
  AVERAGE         42                        41      1       47

PRECIPITATION (IN)
  YESTERDAY        0.06          1.00 1965   0.04   0.02     0.00
  MONTH TO DATE    1.40                      0.85   0.55     0.55
  SINCE JAN 1      2.36                      2.04   0.32     2.28

DEGREE DAYS
 HEATING
  YESTERDAY       23                        24     -1       18
  MONTH TO DATE  695                       698     -3      651
  SINCE MAR 1   1564                      1757   -193     1648
  SINCE JUL 1   7241                      7933   -692     7692

 COOLING
  YESTERDAY        0                         0      0        0
  MONTH TO DATE    0                         0      0        0
  SINCE MAR 1      0                         0      0        0
  SINCE JAN 1      0                         0      0        0
..................................................................


WIND (MPH)
  HIGHEST WIND SPEED    21   HIGHEST WIND DIRECTION    SW (240)
  HIGHEST GUST SPEED    29   HIGHEST GUST DIRECTION     W (250)
  AVERAGE WIND SPEED     7.1


SKY COVER
  AVERAGE SKY COVER 0.5


WEATHER CONDITIONS
 THE FOLLOWING WEATHER WAS RECORDED YESTERDAY.
  LIGHT RAIN


RELATIVE HUMIDITY (PERCENT)
 HIGHEST    82          1200 AM
 LOWEST     50           500 PM
 AVERAGE    66

..........................................................


THE LARAMIE WY AIRPORT CLIMATE NORMALS FOR TODAY
                         NORMAL    RECORD    YEAR
 MAXIMUM TEMPERATURE (F)   55        73      1981
 MINIMUM TEMPERATURE (F)   27         6      1967


SUNRISE AND SUNSET
APRIL 26 2015.........SUNRISE   607 AM MDT   SUNSET   755 PM MDT
APRIL 27 2015.........SUNRISE   606 AM MDT   SUNSET   756 PM MDT


-  INDICATES NEGATIVE NUMBERS.
R  INDICATES RECORD WAS SET OR TIED.
MM INDICATES DATA IS MISSING.
T  INDICATES TRACE AMOUNT.




$$
