000
CDUS45 KVEF 280831
CLILAS


CLIMATE REPORT
NATIONAL WEATHER SERVICE LAS VEGAS, NV
129 AM PDT TUE APR 28 2015


...................................

...THE LAS VEGAS NV CLIMATE SUMMARY FOR APRIL 27 2015...

CLIMATE NORMAL PERIOD 1981 TO 2010
CLIMATE RECORD PERIOD 1937 TO 2015


WEATHER ITEM   OBSERVED TIME   RECORD YEAR NORMAL DEPARTURE LAST
                VALUE   (LST)  VALUE       VALUE  FROM      YEAR
                                                  NORMAL
..................................................................
TEMPERATURE (F)
 YESTERDAY
  MAXIMUM         81    408 PM  99    2000  82     -1       76
  MINIMUM         60    521 AM  39    1984  60      0       52
  AVERAGE         71                        71      0       64

PRECIPITATION (IN)
  YESTERDAY        0.00          0.10 1960   0.00   0.00     0.00
  MONTH TO DATE    0.26                      0.14   0.12      T
  SINCE OCT 1      2.25                      3.01  -0.76     1.72
  SINCE JAN 1      1.95                      1.88   0.07     0.30

SNOWFALL (IN)
  YESTERDAY        0.0           0.0    MM   0.0    0.0      0.0
  MONTH TO DATE    0.0                       0.0    0.0      0.0
  SINCE MAR 1      0.0                       0.0    0.0      0.0
  SINCE JUL 1      T                         0.3   -0.3      0.0
  SNOW DEPTH       0

DEGREE DAYS
 HEATING
  YESTERDAY        0                         1     -1        1
  MONTH TO DATE   26                        61    -35       40
  SINCE MAR 1    102                       250   -148      125
  SINCE JUL 1   1209                      1941   -732     1511

 COOLING
  YESTERDAY        6                         7     -1        0
  MONTH TO DATE  104                       107     -3      180
  SINCE MAR 1    242                       137    105      211
  SINCE JAN 1    252                       138    114      214
..................................................................


WIND (MPH)
  RESULTANT WIND SPEED   7   RESULTANT WIND DIRECTION  NW (330)
  HIGHEST WIND SPEED    23   HIGHEST WIND DIRECTION    NW (320)
  HIGHEST GUST SPEED    29   HIGHEST GUST DIRECTION     N (340)
  AVERAGE WIND SPEED     9.2


SKY COVER
  POSSIBLE SUNSHINE  MM
  AVERAGE SKY COVER 0.1


WEATHER CONDITIONS
 THE FOLLOWING WEATHER WAS RECORDED YESTERDAY.
  NO SIGNIFICANT WEATHER WAS OBSERVED.


RELATIVE HUMIDITY (PERCENT)
 HIGHEST    22          1100 PM
 LOWEST     11           300 PM
 AVERAGE    17

..........................................................


THE LAS VEGAS NV CLIMATE NORMALS FOR TODAY
                         NORMAL    RECORD    YEAR
 MAXIMUM TEMPERATURE (F)   82        97      2013
                                             2007
 MINIMUM TEMPERATURE (F)   60        39      1955


SUNRISE AND SUNSET
APRIL 28 2015.........SUNRISE   552 AM PDT   SUNSET   725 PM PDT
APRIL 29 2015.........SUNRISE   550 AM PDT   SUNSET   726 PM PDT


-  INDICATES NEGATIVE NUMBERS.
R  INDICATES RECORD WAS SET OR TIED.
MM INDICATES DATA IS MISSING.
T  INDICATES TRACE AMOUNT.




$$
