000
CDUS44 KSHV 260750
CLILFK


CLIMATE REPORT
NATIONAL WEATHER SERVICE SHREVEPORT, LA
247 AM CDT SUN APR 26 2015


...................................

...THE LUFKIN CLIMATE SUMMARY FOR APRIL 25 2015...

CLIMATE NORMAL PERIOD 1981 TO 2010
CLIMATE RECORD PERIOD 1906 TO 2015


WEATHER ITEM   OBSERVED TIME   RECORD YEAR NORMAL DEPARTURE LAST
                VALUE   (LST)  VALUE       VALUE  FROM      YEAR
                                                  NORMAL
..................................................................
TEMPERATURE (F)
 YESTERDAY
  MAXIMUM         91R   406 PM  91    1975  80     11       87
  MINIMUM         71   1159 PM  32    1910  58     13       57
  AVERAGE         81                        69     12       72

PRECIPITATION (IN)
  YESTERDAY        0.09          2.00 1914   0.11  -0.02     0.00
  MONTH TO DATE    3.68                      2.51   1.17     2.77
  SINCE DEC 1     20.72                     18.78   1.94    10.35
  SINCE JAN 1     18.67                     14.34   4.33     8.14

SNOWFALL (IN)
  YESTERDAY        0.0
  MONTH TO DATE    0.0
  SINCE MAR 1      0.0
  SINCE JUL 1      T
  SNOW DEPTH       0

DEGREE DAYS
 HEATING
  YESTERDAY        0                         1     -1        0
  MONTH TO DATE    6                        65    -59       56
  SINCE MAR 1    168                       275   -107      306
  SINCE JUL 1   1688                      1909   -221     2109

 COOLING
  YESTERDAY       16                         5     11        7
  MONTH TO DATE  215                        90    125      114
  SINCE MAR 1    274                       131    143      131
  SINCE JAN 1    280                       150    130      149
..................................................................


WIND (MPH)
  HIGHEST WIND SPEED    14   HIGHEST WIND DIRECTION    SW (220)
  HIGHEST GUST SPEED    18   HIGHEST GUST DIRECTION     S (200)
  AVERAGE WIND SPEED     6.0


SKY COVER
  POSSIBLE SUNSHINE  MM
  AVERAGE SKY COVER 0.4


WEATHER CONDITIONS
 THE FOLLOWING WEATHER WAS RECORDED YESTERDAY.
  THUNDERSTORM
  RAIN
  LIGHT RAIN
  FOG
  HAZE


RELATIVE HUMIDITY (PERCENT)
 HIGHEST    87          1200 AM
 LOWEST     36           300 PM
 AVERAGE    62

..........................................................


THE LUFKIN CLIMATE NORMALS FOR TODAY
                         NORMAL    RECORD    YEAR
 MAXIMUM TEMPERATURE (F)   80        90      1934
 MINIMUM TEMPERATURE (F)   58        35      1920


SUNRISE AND SUNSET
APRIL 26 2015.........SUNRISE   639 AM CDT   SUNSET   755 PM CDT
APRIL 27 2015.........SUNRISE   638 AM CDT   SUNSET   755 PM CDT


-  INDICATES NEGATIVE NUMBERS.
R  INDICATES RECORD WAS SET OR TIED.
MM INDICATES DATA IS MISSING.
T  INDICATES TRACE AMOUNT.




$$
