000
CDUS44 KLCH 280903
CLILFT


CLIMATE REPORT
NATIONAL WEATHER SERVICE LAKE CHARLES, LA
401 AM CDT TUE APR 28 2015


...................................

...THE LAFAYETTE CLIMATE SUMMARY FOR APRIL 27 2015...

CLIMATE NORMAL PERIOD 1981 TO 2010
CLIMATE RECORD PERIOD 1893 TO 2015


WEATHER ITEM   OBSERVED TIME   RECORD YEAR NORMAL DEPARTURE LAST
                VALUE   (LST)  VALUE       VALUE  FROM      YEAR
                                                  NORMAL
..................................................................
TEMPERATURE (F)
 YESTERDAY
  MAXIMUM         74    725 AM  92    1933  82     -8       83
  MINIMUM         62    749 AM  44    1898  62      0       74
  AVERAGE         68                        72     -4       79

PRECIPITATION (IN)
  YESTERDAY        2.53          3.52 1997   0.13   2.40     0.01
  MONTH TO DATE   11.12                      3.49   7.63     1.91
  SINCE MAR 1     15.04                      7.28   7.76     4.76
  SINCE JAN 1     22.14                     17.40   4.74    12.01

SNOWFALL (IN)
  YESTERDAY        0.0           0.0    MM   0.0    0.0      0.0
  MONTH TO DATE    0.0                       0.0    0.0      0.0
  SINCE MAR 1      T                         0.0    0.0      0.0
  SINCE JUL 1      T                         T      0.0      0.8
  SNOW DEPTH       0

DEGREE DAYS
 HEATING
  YESTERDAY        0                         0      0        0
  MONTH TO DATE    2                        38    -36       54
  SINCE MAR 1     85                       188   -103      289
  SINCE JUL 1   1528                      1418    110     1949

 COOLING
  YESTERDAY        3                         7     -4       14
  MONTH TO DATE  200                       136     64      113
  SINCE MAR 1    290                       199     91      137
  SINCE JAN 1    295                       231     64      151
..................................................................


WIND (MPH)
  HIGHEST WIND SPEED    40   HIGHEST WIND DIRECTION    NW (310)
  HIGHEST GUST SPEED    55   HIGHEST GUST DIRECTION    NW (320)
  AVERAGE WIND SPEED     7.9


SKY COVER
  POSSIBLE SUNSHINE  MM
  AVERAGE SKY COVER 0.6


WEATHER CONDITIONS
 THE FOLLOWING WEATHER WAS RECORDED YESTERDAY.
  THUNDERSTORM
  HEAVY RAIN
  RAIN
  LIGHT RAIN
  FOG


RELATIVE HUMIDITY (PERCENT)
 HIGHEST   100          1000 PM
 LOWEST     73          1200 PM
 AVERAGE    87

..........................................................


THE LAFAYETTE CLIMATE NORMALS FOR TODAY
                         NORMAL    RECORD    YEAR
 MAXIMUM TEMPERATURE (F)   82        93      1987
                                             1933
 MINIMUM TEMPERATURE (F)   62        39      1928


SUNRISE AND SUNSET
APRIL 28 2015.........SUNRISE   628 AM CDT   SUNSET   744 PM CDT
APRIL 29 2015.........SUNRISE   627 AM CDT   SUNSET   744 PM CDT


-  INDICATES NEGATIVE NUMBERS.
R  INDICATES RECORD WAS SET OR TIED.
MM INDICATES DATA IS MISSING.
T  INDICATES TRACE AMOUNT.




$$
