000
CDUS46 KLOX 050113
CLILGB


CLIMATE REPORT
NATIONAL WEATHER SERVICE LOS ANGELES/OXNARD CA
613 PM PDT MON MAY 4 2015


...................................

...THE LONG BEACH AIRPORT CA CLIMATE SUMMARY FOR MAY 4 2015...
VALID TODAY AS OF 0600 PM LOCAL TIME.

CLIMATE NORMAL PERIOD 1981 TO 2010
CLIMATE RECORD PERIOD 1958 TO 2015


WEATHER ITEM   OBSERVED TIME   RECORD YEAR NORMAL DEPARTURE LAST
                VALUE   (LST)  VALUE       VALUE  FROM      YEAR
                                                  NORMAL
..................................................................
TEMPERATURE (F)
 TODAY
  MAXIMUM         70    213 PM  92    1990  73     -3       78
  MINIMUM         58    158 AM  48    1965  56      2       59
                                      1964
                                      1959
  AVERAGE         64                        65     -1       69

PRECIPITATION (IN)
  TODAY            0.00          0.21 1960   0.01  -0.01     0.00
  MONTH TO DATE    0.00                      0.04  -0.04     0.00
  SINCE OCT 1      7.08                     11.78  -4.70     4.43
  SINCE JAN 1      1.82                      8.20  -6.38     3.19

SNOWFALL (IN)
  TODAY            0.0
  MONTH TO DATE    0.0
  SINCE MAR 1      0.0
  SINCE JUL 1      0.0

DEGREE DAYS
 HEATING
  TODAY            1                         2     -1        0
  MONTH TO DATE    1                         8     -7        0
  SINCE MAR 1     79                       293   -214      131
  SINCE JUL 1    502                      1184   -682      709

 COOLING
  TODAY            0                         2     -2        4
  MONTH TO DATE   16                         8      8       37
  SINCE MAR 1    206                        47    159      124
  SINCE JAN 1    243                        55    188      139
..................................................................


WIND (MPH)
  HIGHEST WIND SPEED    17   HIGHEST WIND DIRECTION    NW (300)
  HIGHEST GUST SPEED    22   HIGHEST GUST DIRECTION    NW (310)
  AVERAGE WIND SPEED     7.0


SKY COVER
  POSSIBLE SUNSHINE  MM
  AVERAGE SKY COVER 0.6


WEATHER CONDITIONS
 THE FOLLOWING WEATHER WAS RECORDED TODAY.
  NO SIGNIFICANT WEATHER WAS OBSERVED.


RELATIVE HUMIDITY (PERCENT)
 HIGHEST    77           200 AM
 LOWEST     53          1200 PM
 AVERAGE    65

..........................................................


THE LONG BEACH AIRPORT CA CLIMATE NORMALS FOR TOMORROW
                         NORMAL    RECORD    YEAR
 MAXIMUM TEMPERATURE (F)   73       102      1990
 MINIMUM TEMPERATURE (F)   56        47      1964
                                             1960


SUNRISE AND SUNSET
MAY  4 2015...........SUNRISE   601 AM PDT   SUNSET   738 PM PDT
MAY  5 2015...........SUNRISE   600 AM PDT   SUNSET   739 PM PDT


-  INDICATES NEGATIVE NUMBERS.
R  INDICATES RECORD WAS SET OR TIED.
MM INDICATES DATA IS MISSING.
T  INDICATES TRACE AMOUNT.




$$
