000
CDUS44 KLZK 040904
CLILIT


CLIMATE REPORT
NATIONAL WEATHER SERVICE LITTLE ROCK AR
404 AM CDT MON MAY 4 2015


...................................

...THE LITTLE ROCK ADAMS FIELD CLIMATE SUMMARY FOR MAY 3 2015...

CLIMATE NORMAL PERIOD 1981 TO 2010
CLIMATE RECORD PERIOD 1874 TO 2015


WEATHER ITEM   OBSERVED TIME   RECORD YEAR NORMAL DEPARTURE LAST
                VALUE   (LST)  VALUE       VALUE  FROM      YEAR
                                                  NORMAL
..................................................................
TEMPERATURE (F)
 YESTERDAY
  MAXIMUM         85    309 PM  92    1952  78      7       83
  MINIMUM         53    448 AM  38    2013  57     -4       47
  AVERAGE         69                        67      2       65

PRECIPITATION (IN)
  YESTERDAY        0.00          5.14 1878   0.19  -0.19     0.00
  MONTH TO DATE    0.00                      0.55  -0.55      T
  SINCE MAR 1     13.53                     10.37   3.16    10.24
  SINCE JAN 1     20.34                     17.58   2.76    15.81

SNOWFALL (IN)
  YESTERDAY        0.0          MM      MM   0.0    0.0      0.0
  MONTH TO DATE    0.0                       0.0    0.0      0.0
  SINCE MAR 1      5.7                       0.4    5.3      2.2
  SINCE JUL 1     11.1                       3.5    7.6      6.2
  SNOW DEPTH       0

DEGREE DAYS
 HEATING
  YESTERDAY        0                         2     -2        0
  MONTH TO DATE    3                         6     -3       14
  SINCE MAR 1    475                       525    -50      652
  SINCE JUL 1   3121                      3038     83     3425

 COOLING
  YESTERDAY        4                         4      0        0
  MONTH TO DATE    4                        11     -7        0
  SINCE MAR 1     94                        81     13       53
  SINCE JAN 1     94                        83     11       53
..................................................................


WIND (MPH)
  HIGHEST WIND SPEED    16   HIGHEST WIND DIRECTION    SW (240)
  HIGHEST GUST SPEED    20   HIGHEST GUST DIRECTION    SW (210)
  AVERAGE WIND SPEED     5.4


SKY COVER
  POSSIBLE SUNSHINE  MM
  AVERAGE SKY COVER 0.4


WEATHER CONDITIONS
 THE FOLLOWING WEATHER WAS RECORDED YESTERDAY.
  NO SIGNIFICANT WEATHER WAS OBSERVED.


RELATIVE HUMIDITY (PERCENT)
 HIGHEST    83           500 AM
 LOWEST     34           300 PM
 AVERAGE    59

..........................................................


THE LITTLE ROCK ADAMS FIELD CLIMATE NORMALS FOR TODAY
                         NORMAL    RECORD    YEAR
 MAXIMUM TEMPERATURE (F)   78        93      1952
 MINIMUM TEMPERATURE (F)   57        38      2013


SUNRISE AND SUNSET
MAY  4 2015...........SUNRISE   616 AM CDT   SUNSET   756 PM CDT
MAY  5 2015...........SUNRISE   615 AM CDT   SUNSET   757 PM CDT


-  INDICATES NEGATIVE NUMBERS.
R  INDICATES RECORD WAS SET OR TIED.
MM INDICATES DATA IS MISSING.
T  INDICATES TRACE AMOUNT.




$$
